CRAN Package Check Results for Package vimpclust

Last updated on 2022-01-25 12:55:52 CET.

Flavor Version Tinstall Tcheck Ttotal Status Flags
r-devel-linux-x86_64-debian-clang 0.1.0 5.61 297.18 302.79 OK
r-devel-linux-x86_64-debian-gcc 0.1.0 4.93 209.03 213.96 OK
r-devel-linux-x86_64-fedora-clang 0.1.0 338.90 NOTE
r-devel-linux-x86_64-fedora-gcc 0.1.0 330.45 NOTE
r-devel-windows-x86_64-new-UL 0.1.0 60.00 289.00 349.00 OK
r-devel-windows-x86_64-new-TK 0.1.0 NOTE
r-patched-linux-x86_64 0.1.0 4.83 272.37 277.20 OK
r-release-linux-x86_64 0.1.0 4.04 272.57 276.61 OK
r-release-macos-arm64 0.1.0 NOTE
r-release-macos-x86_64 0.1.0 NOTE
r-release-windows-ix86+x86_64 0.1.0 14.00 313.00 327.00 OK
r-oldrel-macos-x86_64 0.1.0 NOTE
r-oldrel-windows-ix86+x86_64 0.1.0 14.00 316.00 330.00 OK

Check Details

Version: 0.1.0
Check: dependencies in R code
Result: NOTE
    Namespaces in Imports field not imported from:
     ‘mclust’ ‘rlang’
     All declared Imports should be used.
Flavors: r-devel-linux-x86_64-fedora-clang, r-devel-linux-x86_64-fedora-gcc, r-devel-windows-x86_64-new-TK, r-release-macos-arm64, r-release-macos-x86_64, r-oldrel-macos-x86_64