CRAN Package Check Results for Package viewshed3d

Last updated on 2021-06-16 21:52:01 CEST.

Flavor Version Tinstall Tcheck Ttotal Status Flags
r-devel-linux-x86_64-debian-clang 4.0.0 4.42 44.36 48.78 OK
r-devel-linux-x86_64-debian-gcc 4.0.0 3.72 33.09 36.81 OK
r-devel-linux-x86_64-fedora-clang 4.0.0 66.58 NOTE
r-devel-linux-x86_64-fedora-gcc 4.0.0 63.89 NOTE
r-devel-windows-x86_64 4.0.0 7.00 46.00 53.00 OK
r-devel-windows-x86_64-gcc10-UCRT 4.0.0 ERROR
r-patched-linux-x86_64 4.0.0 4.80 42.91 47.71 OK
r-patched-solaris-x86 4.0.0 85.20 NOTE
r-release-linux-x86_64 4.0.0 4.20 42.08 46.28 OK
r-release-macos-arm64 4.0.0 ERROR
r-release-macos-x86_64 4.0.0 NOTE
r-release-windows-ix86+x86_64 4.0.0 10.00 60.00 70.00 OK
r-oldrel-macos-x86_64 4.0.0 NOTE
r-oldrel-windows-ix86+x86_64 4.0.0 8.00 64.00 72.00 OK

Check Details

Version: 4.0.0
Check: dependencies in R code
Result: NOTE
    Namespaces in Imports field not imported from:
     ‘plotrix’ ‘sp’ ‘viridis’
     All declared Imports should be used.
Flavors: r-devel-linux-x86_64-fedora-clang, r-devel-linux-x86_64-fedora-gcc, r-patched-solaris-x86, r-release-macos-x86_64, r-oldrel-macos-x86_64

Version: 4.0.0
Check: package dependencies
Result: ERROR
    Package required but not available: 'lidR'
    
    See section 'The DESCRIPTION file' in the 'Writing R Extensions'
    manual.
Flavors: r-devel-windows-x86_64-gcc10-UCRT, r-release-macos-arm64