CRAN Package Check Results for Package vietnameseConverter

Last updated on 2021-12-06 11:52:13 CET.

Flavor Version Tinstall Tcheck Ttotal Status Flags
r-devel-linux-x86_64-debian-clang 0.4.0 4.95 69.99 74.94 OK
r-devel-linux-x86_64-debian-gcc 0.4.0 3.44 53.99 57.43 OK
r-devel-linux-x86_64-fedora-clang 0.4.0 99.12 NOTE
r-devel-linux-x86_64-fedora-gcc 0.4.0 80.60 NOTE
r-devel-windows-x86_64-new-UL 0.4.0 10.00 99.00 109.00 OK
r-devel-windows-x86_64-new-TK 0.4.0 NOTE
r-devel-windows-x86_64-old 0.4.0 9.00 59.00 68.00 OK
r-patched-linux-x86_64 0.4.0 4.39 56.58 60.97 OK
r-release-linux-x86_64 0.4.0 4.78 64.78 69.56 OK
r-release-macos-arm64 0.4.0 NOTE
r-release-macos-x86_64 0.4.0 NOTE
r-release-windows-ix86+x86_64 0.4.0 13.00 80.00 93.00 OK
r-oldrel-macos-x86_64 0.4.0 NOTE
r-oldrel-windows-ix86+x86_64 0.4.0 14.00 78.00 92.00 OK

Check Details

Version: 0.4.0
Check: data for non-ASCII characters
Result: NOTE
     Note: found 468 marked UTF-8 strings
Flavors: r-devel-linux-x86_64-fedora-clang, r-devel-linux-x86_64-fedora-gcc, r-devel-windows-x86_64-new-TK, r-release-macos-arm64, r-release-macos-x86_64, r-oldrel-macos-x86_64