CRAN Package Check Results for Package viafr

Last updated on 2021-08-03 07:54:48 CEST.

Flavor Version Tinstall Tcheck Ttotal Status Flags
r-devel-linux-x86_64-debian-clang 0.2.0 4.79 57.12 61.91 OK
r-devel-linux-x86_64-debian-gcc 0.2.0 3.59 42.57 46.16 OK
r-devel-linux-x86_64-fedora-clang 0.2.0 80.01 NOTE
r-devel-linux-x86_64-fedora-gcc 0.2.0 67.64 NOTE
r-devel-windows-x86_64 0.2.0 7.00 89.00 96.00 OK
r-devel-windows-x86_64-gcc10-UCRT 0.2.0 NOTE
r-patched-linux-x86_64 0.2.0 4.51 53.31 57.82 OK
r-patched-solaris-x86 0.2.0 96.20 NOTE
r-release-linux-x86_64 0.2.0 4.50 53.74 58.24 OK
r-release-macos-arm64 0.2.0 NOTE
r-release-macos-x86_64 0.2.0 NOTE
r-release-windows-ix86+x86_64 0.2.0 12.00 68.00 80.00 OK
r-oldrel-macos-x86_64 0.2.0 NOTE
r-oldrel-windows-ix86+x86_64 0.2.0 12.00 86.00 98.00 OK

Check Details

Version: 0.2.0
Check: data for non-ASCII characters
Result: NOTE
     Note: found 2 marked UTF-8 strings
Flavors: r-devel-linux-x86_64-fedora-clang, r-devel-linux-x86_64-fedora-gcc, r-devel-windows-x86_64-gcc10-UCRT, r-patched-solaris-x86, r-release-macos-arm64, r-release-macos-x86_64, r-oldrel-macos-x86_64