CRAN Package Check Results for Package vhcub

Last updated on 2021-07-25 07:50:22 CEST.

Flavor Version Tinstall Tcheck Ttotal Status Flags
r-devel-linux-x86_64-debian-clang 1.0.0 19.01 184.54 203.55 NOTE
r-devel-linux-x86_64-debian-gcc 1.0.0 15.24 141.50 156.74 NOTE
r-devel-linux-x86_64-fedora-clang 1.0.0 243.20 NOTE
r-devel-linux-x86_64-fedora-gcc 1.0.0 235.26 NOTE
r-devel-windows-x86_64 1.0.0 25.00 152.00 177.00 NOTE
r-devel-windows-x86_64-gcc10-UCRT 1.0.0 NOTE
r-patched-linux-x86_64 1.0.0 16.34 173.51 189.85 NOTE
r-patched-solaris-x86 1.0.0 321.10 NOTE
r-release-linux-x86_64 1.0.0 16.34 173.88 190.22 NOTE
r-release-macos-arm64 1.0.0 ERROR
r-release-macos-x86_64 1.0.0 ERROR
r-release-windows-ix86+x86_64 1.0.0 42.00 176.00 218.00 NOTE
r-oldrel-macos-x86_64 1.0.0 ERROR
r-oldrel-windows-ix86+x86_64 1.0.0 39.00 184.00 223.00 OK

Check Details

Version: 1.0.0
Check: LazyData
Result: NOTE
     'LazyData' is specified without a 'data' directory
Flavors: r-devel-linux-x86_64-debian-clang, r-devel-linux-x86_64-debian-gcc, r-devel-linux-x86_64-fedora-clang, r-devel-linux-x86_64-fedora-gcc, r-devel-windows-x86_64, r-devel-windows-x86_64-gcc10-UCRT, r-patched-linux-x86_64, r-patched-solaris-x86, r-release-linux-x86_64, r-release-windows-ix86+x86_64

Version: 1.0.0
Check: package dependencies
Result: ERROR
    Package required but not available: ‘coRdon’
    
    See section ‘The DESCRIPTION file’ in the ‘Writing R Extensions’
    manual.
Flavors: r-release-macos-arm64, r-release-macos-x86_64, r-oldrel-macos-x86_64