CRAN Package Check Results for Package vein

Last updated on 2021-07-24 19:50:36 CEST.

Flavor Version Tinstall Tcheck Ttotal Status Flags
r-devel-linux-x86_64-debian-clang 0.9.3 30.88 417.77 448.65 OK
r-devel-linux-x86_64-debian-gcc 0.9.3 24.09 285.75 309.84 OK
r-devel-linux-x86_64-fedora-clang 0.9.3 498.30 OK
r-devel-linux-x86_64-fedora-gcc 0.9.3 505.43 OK
r-devel-windows-x86_64 0.9.3 36.00 314.00 350.00 OK
r-devel-windows-x86_64-gcc10-UCRT 0.9.3 OK
r-patched-linux-x86_64 0.9.3 29.08 374.73 403.81 OK
r-patched-solaris-x86 0.9.3 602.20 OK
r-release-linux-x86_64 0.9.3 27.72 381.91 409.63 OK
r-release-macos-arm64 0.9.3 ERROR
r-release-macos-x86_64 0.9.3 ERROR
r-release-windows-ix86+x86_64 0.9.3 58.00 667.00 725.00 OK
r-oldrel-macos-x86_64 0.9.3 ERROR
r-oldrel-windows-ix86+x86_64 0.9.3 61.00 760.00 821.00 OK

Check Details

Version: 0.9.3
Check: package dependencies
Result: ERROR
    Package required and available but unsuitable version: ‘sf’
    
    See section ‘The DESCRIPTION file’ in the ‘Writing R Extensions’
    manual.
Flavors: r-release-macos-arm64, r-release-macos-x86_64, r-oldrel-macos-x86_64