CRAN Package Check Results for Package varImp

Last updated on 2021-10-25 04:54:28 CEST.

Flavor Version Tinstall Tcheck Ttotal Status Flags
r-devel-linux-x86_64-debian-clang 0.4 8.01 119.20 127.21 NOTE
r-devel-linux-x86_64-debian-gcc 0.4 7.97 92.90 100.87 NOTE
r-devel-linux-x86_64-fedora-clang 0.4 154.28 NOTE
r-devel-linux-x86_64-fedora-gcc 0.4 145.07 NOTE
r-devel-windows-x86_64 0.4 15.00 101.00 116.00 NOTE
r-devel-windows-x86_64-gcc10-UCRT 0.4 NOTE
r-patched-linux-x86_64 0.4 8.90 115.58 124.48 NOTE
r-patched-solaris-x86 0.4 204.20 NOTE
r-release-linux-x86_64 0.4 9.68 114.36 124.04 NOTE
r-release-macos-arm64 0.4 NOTE
r-release-macos-x86_64 0.4 NOTE
r-release-windows-ix86+x86_64 0.4 15.00 241.00 256.00 NOTE
r-oldrel-macos-x86_64 0.4 OK
r-oldrel-windows-ix86+x86_64 0.4 21.00 168.00 189.00 OK

Check Details

Version: 0.4
Check: LazyData
Result: NOTE
     'LazyData' is specified without a 'data' directory
Flavors: r-devel-linux-x86_64-debian-clang, r-devel-linux-x86_64-debian-gcc, r-devel-linux-x86_64-fedora-clang, r-devel-linux-x86_64-fedora-gcc, r-devel-windows-x86_64, r-devel-windows-x86_64-gcc10-UCRT, r-patched-linux-x86_64, r-patched-solaris-x86, r-release-linux-x86_64, r-release-macos-arm64, r-release-macos-x86_64, r-release-windows-ix86+x86_64