CRAN Package Check Results for Package validate

Last updated on 2021-09-23 04:56:52 CEST.

Flavor Version Tinstall Tcheck Ttotal Status Flags
r-devel-linux-x86_64-debian-clang 1.0.4 11.16 89.34 100.50 OK
r-devel-linux-x86_64-debian-gcc 1.0.4 8.72 67.64 76.36 OK
r-devel-linux-x86_64-fedora-clang 1.0.4 128.45 OK
r-devel-linux-x86_64-fedora-gcc 1.0.4 117.73 OK
r-devel-windows-x86_64 1.0.4 17.00 96.00 113.00 OK
r-devel-windows-x86_64-gcc10-UCRT 1.0.4 ERROR
r-patched-linux-x86_64 1.0.4 12.29 86.10 98.39 OK
r-patched-solaris-x86 1.0.4 158.30 OK
r-release-linux-x86_64 1.0.4 10.56 86.72 97.28 OK
r-release-macos-arm64 1.0.4 OK
r-release-macos-x86_64 1.0.4 OK
r-release-windows-ix86+x86_64 1.0.4 28.00 117.00 145.00 OK
r-oldrel-macos-x86_64 1.0.4 OK
r-oldrel-windows-ix86+x86_64 1.0.4 35.00 116.00 151.00 OK

Check Details

Version: 1.0.4
Check: whether package can be installed
Result: ERROR
    Installation failed.
Flavor: r-devel-windows-x86_64-gcc10-UCRT