CRAN Package Check Results for Package validann

Last updated on 2021-11-29 23:50:55 CET.

Flavor Version Tinstall Tcheck Ttotal Status Flags
r-devel-linux-x86_64-debian-clang 1.2.1 3.39 38.00 41.39 NOTE
r-devel-linux-x86_64-debian-gcc 1.2.1 2.64 28.71 31.35 NOTE
r-devel-linux-x86_64-fedora-clang 1.2.1 63.63 NOTE
r-devel-linux-x86_64-fedora-gcc 1.2.1 49.98 NOTE
r-devel-windows-x86_64-new-UL 1.2.1 7.00 76.00 83.00 OK
r-devel-windows-x86_64-new-TK 1.2.1 OK
r-devel-windows-x86_64-old 1.2.1 5.00 41.00 46.00 OK
r-patched-linux-x86_64 1.2.1 3.26 35.92 39.18 NOTE
r-patched-solaris-x86 1.2.1 70.70 NOTE
r-release-linux-x86_64 1.2.1 2.89 36.31 39.20 NOTE
r-release-macos-arm64 1.2.1 OK
r-release-macos-x86_64 1.2.1 OK
r-release-windows-ix86+x86_64 1.2.1 7.00 43.00 50.00 OK
r-oldrel-macos-x86_64 1.2.1 OK
r-oldrel-windows-ix86+x86_64 1.2.1 6.00 56.00 62.00 OK

Check Details

Version: 1.2.1
Check: for non-standard things in the check directory
Result: NOTE
    Found the following files/directories:
     'PredValidationPlots.pdf' 'RepStructValidationPlots.pdf'
Flavors: r-devel-linux-x86_64-debian-clang, r-devel-linux-x86_64-debian-gcc, r-devel-linux-x86_64-fedora-clang, r-devel-linux-x86_64-fedora-gcc, r-patched-linux-x86_64, r-patched-solaris-x86, r-release-linux-x86_64