CRAN Package Check Results for Package valaddin

Last updated on 2021-07-26 19:49:43 CEST.

Flavor Version Tinstall Tcheck Ttotal Status Flags
r-devel-linux-x86_64-debian-clang 1.0.1 5.92 61.73 67.65 NOTE
r-devel-linux-x86_64-debian-gcc 1.0.1 3.60 46.95 50.55 NOTE
r-devel-linux-x86_64-fedora-clang 1.0.1 86.68 NOTE
r-devel-linux-x86_64-fedora-gcc 1.0.1 77.89 NOTE
r-devel-windows-x86_64 1.0.1 8.00 81.00 89.00 NOTE
r-devel-windows-x86_64-gcc10-UCRT 1.0.1 NOTE
r-patched-linux-x86_64 1.0.1 5.21 57.54 62.75 NOTE
r-patched-solaris-x86 1.0.1 101.70 NOTE
r-release-linux-x86_64 1.0.1 4.71 59.44 64.15 NOTE
r-release-macos-arm64 1.0.1 NOTE
r-release-macos-x86_64 1.0.1 NOTE
r-release-windows-ix86+x86_64 1.0.1 9.00 71.00 80.00 NOTE
r-oldrel-macos-x86_64 1.0.1 OK
r-oldrel-windows-ix86+x86_64 1.0.1 10.00 94.00 104.00 OK

Check Details

Version: 1.0.1
Check: LazyData
Result: NOTE
     'LazyData' is specified without a 'data' directory
Flavors: r-devel-linux-x86_64-debian-clang, r-devel-linux-x86_64-debian-gcc, r-devel-linux-x86_64-fedora-clang, r-devel-linux-x86_64-fedora-gcc, r-devel-windows-x86_64, r-devel-windows-x86_64-gcc10-UCRT, r-patched-linux-x86_64, r-patched-solaris-x86, r-release-linux-x86_64, r-release-macos-arm64, r-release-macos-x86_64, r-release-windows-ix86+x86_64