CRAN Package Check Results for Package vMF

Last updated on 2023-05-31 23:27:35 CEST.

Flavor Version Tinstall Tcheck Ttotal Status Flags
r-devel-linux-x86_64-debian-clang 0.0.1 34.55 37.47 72.02 NOTE
r-devel-linux-x86_64-debian-gcc 0.0.1 27.22 29.88 57.10 NOTE
r-devel-linux-x86_64-fedora-clang 0.0.1 107.25 NOTE
r-devel-linux-x86_64-fedora-gcc 0.0.1 118.82 NOTE
r-devel-windows-x86_64 0.0.1 31.00 87.00 118.00 NOTE
r-patched-linux-x86_64 0.0.1 NOTE
r-release-linux-x86_64 0.0.1 30.20 36.91 67.11 NOTE
r-release-macos-arm64 0.0.1 41.00 NOTE
r-release-macos-x86_64 0.0.1 61.00 NOTE
r-release-windows-x86_64 0.0.1 40.00 86.00 126.00 NOTE
r-oldrel-macos-arm64 0.0.1 40.00 OK
r-oldrel-macos-x86_64 0.0.1 44.00 OK
r-oldrel-windows-x86_64 0.0.1 38.00 83.00 121.00 OK

Check Details

Version: 0.0.1
Check: C++ specification
Result: NOTE
     Specified C++11: please drop specification unless essential
Flavors: r-devel-linux-x86_64-debian-clang, r-devel-linux-x86_64-debian-gcc, r-devel-linux-x86_64-fedora-clang, r-devel-linux-x86_64-fedora-gcc, r-devel-windows-x86_64, r-patched-linux-x86_64, r-release-linux-x86_64, r-release-macos-arm64, r-release-macos-x86_64, r-release-windows-x86_64