Last updated on 2023-02-09 03:56:27 CET.
Flavor | Version | Tinstall | Tcheck | Ttotal | Status | Flags |
---|---|---|---|---|---|---|
r-devel-linux-x86_64-debian-clang | 0.1.14 | 117.53 | 199.22 | 316.75 | NOTE | |
r-devel-linux-x86_64-debian-gcc | 0.1.14 | 109.20 | 165.56 | 274.76 | NOTE | |
r-devel-linux-x86_64-fedora-clang | 0.1.14 | 395.25 | NOTE | |||
r-devel-linux-x86_64-fedora-gcc | 0.1.14 | 443.31 | NOTE | |||
r-devel-windows-x86_64 | 0.1.14 | 127.00 | 306.00 | 433.00 | NOTE | |
r-patched-linux-x86_64 | 0.1.14 | 107.24 | 184.89 | 292.13 | OK | |
r-release-linux-x86_64 | 0.1.14 | 108.24 | 187.55 | 295.79 | OK | |
r-release-macos-arm64 | 0.1.14 | 135.00 | NOTE | |||
r-release-macos-x86_64 | 0.1.14 | 147.00 | NOTE | |||
r-release-windows-x86_64 | 0.1.14 | 169.00 | 289.00 | 458.00 | OK | |
r-oldrel-macos-arm64 | 0.1.14 | 127.00 | NOTE | |||
r-oldrel-macos-x86_64 | 0.1.14 | 146.00 | NOTE | |||
r-oldrel-windows-ix86+x86_64 | 0.1.14 | 268.00 | 384.00 | 652.00 | OK |
Version: 0.1.14
Check: C++ specification
Result: NOTE
Specified C++11: please update to current default of C++17
Flavor: r-devel-linux-x86_64-debian-clang
Version: 0.1.14
Check: C++ specification
Result: NOTE
Specified C++11: please drop specification unless essential
Flavors: r-devel-linux-x86_64-debian-gcc, r-devel-linux-x86_64-fedora-clang, r-devel-linux-x86_64-fedora-gcc, r-devel-windows-x86_64
Version: 0.1.14
Check: installed package size
Result: NOTE
installed size is 23.0Mb
sub-directories of 1Mb or more:
libs 22.5Mb
Flavors: r-release-macos-arm64, r-release-macos-x86_64, r-oldrel-macos-arm64, r-oldrel-macos-x86_64