Last updated on 2023-03-30 05:49:34 CEST.
Flavor | Version | Tinstall | Tcheck | Ttotal | Status | Flags |
---|---|---|---|---|---|---|
r-devel-linux-x86_64-debian-clang | 0.3.0 | 12.48 | 117.75 | 130.23 | OK | |
r-devel-linux-x86_64-debian-gcc | 0.3.0 | 11.41 | 87.43 | 98.84 | OK | |
r-devel-linux-x86_64-fedora-clang | 0.3.0 | 161.37 | NOTE | |||
r-devel-linux-x86_64-fedora-gcc | 0.3.0 | 152.79 | NOTE | |||
r-patched-linux-x86_64 | 0.3.0 | 13.84 | 110.60 | 124.44 | OK | |
r-release-linux-x86_64 | 0.3.0 | 8.79 | 113.32 | 122.11 | OK | |
r-release-macos-arm64 | 0.3.0 | 44.00 | NOTE | |||
r-release-macos-x86_64 | 0.3.0 | 75.00 | NOTE | |||
r-release-windows-x86_64 | 0.3.0 | 28.00 | 157.00 | 185.00 | OK | |
r-oldrel-macos-arm64 | 0.3.0 | 49.00 | NOTE | |||
r-oldrel-macos-x86_64 | 0.3.0 | 86.00 | NOTE | |||
r-oldrel-windows-ix86+x86_64 | 0.3.0 | 30.00 | 138.00 | 168.00 | OK |
Version: 0.3.0
Check: dependencies in R code
Result: NOTE
Namespace in Imports field not imported from: ‘rio’
All declared Imports should be used.
Flavors: r-devel-linux-x86_64-fedora-clang, r-devel-linux-x86_64-fedora-gcc, r-release-macos-arm64, r-release-macos-x86_64, r-oldrel-macos-arm64, r-oldrel-macos-x86_64