CRAN Package Check Results for Package utiml

Last updated on 2021-09-19 16:49:32 CEST.

Flavor Version Tinstall Tcheck Ttotal Status Flags
r-devel-linux-x86_64-debian-clang 0.1.7 10.20 125.21 135.41 OK
r-devel-linux-x86_64-debian-gcc 0.1.7 8.96 91.42 100.38 OK
r-devel-linux-x86_64-fedora-clang 0.1.7 165.01 OK
r-devel-linux-x86_64-fedora-gcc 0.1.7 152.42 OK
r-devel-windows-x86_64 0.1.7 14.00 163.00 177.00 OK
r-devel-windows-x86_64-gcc10-UCRT 0.1.7 ERROR
r-patched-linux-x86_64 0.1.7 17.59 116.39 133.98 OK
r-patched-solaris-x86 0.1.7 211.90 OK
r-release-linux-x86_64 0.1.7 9.95 117.05 127.00 OK
r-release-macos-arm64 0.1.7 OK
r-release-macos-x86_64 0.1.7 OK
r-release-windows-ix86+x86_64 0.1.7 23.00 126.00 149.00 OK
r-oldrel-macos-x86_64 0.1.7 OK
r-oldrel-windows-ix86+x86_64 0.1.7 21.00 124.00 145.00 OK

Check Details

Version: 0.1.7
Check: package dependencies
Result: ERROR
    Package required but not available: 'mldr'
    
    See section 'The DESCRIPTION file' in the 'Writing R Extensions'
    manual.
Flavor: r-devel-windows-x86_64-gcc10-UCRT