CRAN Package Check Results for Package utilsIPEA

Last updated on 2021-07-25 07:50:22 CEST.

Flavor Version Tinstall Tcheck Ttotal Status Flags
r-devel-linux-x86_64-debian-clang 0.0.6 0.38 2.48 2.86 ERROR
r-devel-linux-x86_64-debian-gcc 0.0.6 0.32 1.94 2.26 ERROR
r-devel-linux-x86_64-fedora-clang 0.0.6 12.33 ERROR
r-devel-linux-x86_64-fedora-gcc 0.0.6 2.54 ERROR
r-devel-windows-x86_64 0.0.6 7.00 47.00 54.00 OK
r-devel-windows-x86_64-gcc10-UCRT 0.0.6 NOTE
r-patched-linux-x86_64 0.0.6 3.42 42.88 46.30 OK
r-patched-solaris-x86 0.0.6 93.90 NOTE
r-release-linux-x86_64 0.0.6 3.42 43.38 46.80 OK
r-release-macos-arm64 0.0.6 NOTE
r-release-macos-x86_64 0.0.6 NOTE
r-release-windows-ix86+x86_64 0.0.6 12.00 58.00 70.00 OK
r-oldrel-macos-x86_64 0.0.6 NOTE
r-oldrel-windows-ix86+x86_64 0.0.6 14.00 64.00 78.00 OK

Check Details

Version: 0.0.6
Check: package dependencies
Result: ERROR
    Package required but not available: 'stringdist'
    
    See section 'The DESCRIPTION file' in the 'Writing R Extensions'
    manual.
Flavors: r-devel-linux-x86_64-debian-clang, r-devel-linux-x86_64-debian-gcc, r-devel-linux-x86_64-fedora-clang, r-devel-linux-x86_64-fedora-gcc

Version: 0.0.6
Check: dependencies in R code
Result: NOTE
    Namespaces in Imports field not imported from:
     'RCurl' 'stringdist' 'utils'
     All declared Imports should be used.
Flavors: r-devel-windows-x86_64-gcc10-UCRT, r-patched-solaris-x86, r-release-macos-arm64, r-release-macos-x86_64, r-oldrel-macos-x86_64