CRAN Package Check Results for Package utile.tables

Last updated on 2022-01-22 00:48:42 CET.

Flavor Version Tinstall Tcheck Ttotal Status Flags
r-devel-linux-x86_64-debian-clang 0.2.1 2.51 41.37 43.88 NOTE
r-devel-linux-x86_64-debian-gcc 0.2.1 2.59 31.79 34.38 NOTE
r-devel-linux-x86_64-fedora-clang 0.2.1 53.32 NOTE
r-devel-linux-x86_64-fedora-gcc 0.2.1 41.36 NOTE
r-devel-windows-x86_64-new-UL 0.2.1 38.00 60.00 98.00 NOTE
r-devel-windows-x86_64-new-TK 0.2.1 NOTE
r-patched-linux-x86_64 0.2.1 3.47 38.92 42.39 NOTE
r-release-linux-x86_64 0.2.1 2.54 38.99 41.53 NOTE
r-release-macos-arm64 0.2.1 NOTE
r-release-macos-x86_64 0.2.1 NOTE
r-release-windows-ix86+x86_64 0.2.1 9.00 50.00 59.00 NOTE
r-oldrel-macos-x86_64 0.2.1 OK
r-oldrel-windows-ix86+x86_64 0.2.1 7.00 50.00 57.00 OK

Check Details

Version: 0.2.1
Check: LazyData
Result: NOTE
     'LazyData' is specified without a 'data' directory
Flavors: r-devel-linux-x86_64-debian-clang, r-devel-linux-x86_64-debian-gcc, r-devel-linux-x86_64-fedora-clang, r-devel-linux-x86_64-fedora-gcc, r-devel-windows-x86_64-new-UL, r-devel-windows-x86_64-new-TK, r-patched-linux-x86_64, r-release-linux-x86_64, r-release-macos-arm64, r-release-macos-x86_64, r-release-windows-ix86+x86_64