CRAN Package Check Results for Package usincometaxes

Last updated on 2022-10-04 11:50:27 CEST.

Flavor Version Tinstall Tcheck Ttotal Status Flags
r-devel-linux-x86_64-debian-clang 0.5.2 2.53 50.45 52.98 ERROR
r-devel-linux-x86_64-debian-gcc 0.5.2 2.20 38.57 40.77 ERROR
r-devel-linux-x86_64-fedora-clang 0.5.2 47.46 ERROR
r-devel-linux-x86_64-fedora-gcc 0.5.2 45.13 ERROR
r-devel-windows-x86_64 0.5.2 42.00 94.00 136.00 ERROR
r-patched-linux-x86_64 0.5.2 3.11 47.35 50.46 OK
r-release-linux-x86_64 0.5.2 3.03 46.21 49.24 ERROR
r-release-macos-arm64 0.5.2 35.00 OK
r-release-macos-x86_64 0.5.2 40.00 OK
r-release-windows-x86_64 0.5.2 52.00 92.00 144.00 OK
r-oldrel-macos-arm64 0.5.2 37.00 OK
r-oldrel-macos-x86_64 0.5.2 49.00 OK
r-oldrel-windows-ix86+x86_64 0.5.2 8.00 77.00 85.00 ERROR

Check Details

Version: 0.5.2
Check: tests
Result: ERROR
     Running 'testthat.R' [5s/9s]
    Running the tests in 'tests/testthat.R' failed.
    Complete output:
     > library(testthat)
     > library(usincometaxes)
     >
     > test_check("usincometaxes")
     [ FAIL 1 | WARN 48 | SKIP 0 | PASS 9 ]
    
     == Failed tests ================================================================
     -- Error (test-calculate_taxes.R:98:3): All interface options return same values --
     <subscriptOutOfBoundsError/error/condition>
     Error in `from_taxsim_cols()[[col]]`: subscript out of bounds
     Backtrace:
     x
     1. \-usincometaxes::taxsim_calculate_taxes(...) at test-calculate_taxes.R:98:2
     2. \-usincometaxes:::clean_from_taxsim(from_taxsim)
    
     [ FAIL 1 | WARN 48 | SKIP 0 | PASS 9 ]
     Error: Test failures
     Execution halted
Flavor: r-devel-linux-x86_64-debian-clang

Version: 0.5.2
Check: tests
Result: ERROR
     Running ‘testthat.R’ [4s/7s]
    Running the tests in ‘tests/testthat.R’ failed.
    Complete output:
     > library(testthat)
     > library(usincometaxes)
     >
     > test_check("usincometaxes")
     [ FAIL 1 | WARN 48 | SKIP 0 | PASS 9 ]
    
     ══ Failed tests ════════════════════════════════════════════════════════════════
     ── Error (test-calculate_taxes.R:98:3): All interface options return same values ──
     <subscriptOutOfBoundsError/error/condition>
     Error in `from_taxsim_cols()[[col]]`: subscript out of bounds
     Backtrace:
     ▆
     1. └─usincometaxes::taxsim_calculate_taxes(...) at test-calculate_taxes.R:98:2
     2. └─usincometaxes:::clean_from_taxsim(from_taxsim)
    
     [ FAIL 1 | WARN 48 | SKIP 0 | PASS 9 ]
     Error: Test failures
     Execution halted
Flavor: r-devel-linux-x86_64-debian-gcc

Version: 0.5.2
Check: tests
Result: ERROR
     Running ‘testthat.R’
    Running the tests in ‘tests/testthat.R’ failed.
    Complete output:
     > library(testthat)
     > library(usincometaxes)
     >
     > test_check("usincometaxes")
     [ FAIL 1 | WARN 48 | SKIP 0 | PASS 9 ]
    
     ══ Failed tests ════════════════════════════════════════════════════════════════
     ── Error (test-calculate_taxes.R:98:3): All interface options return same values ──
     <subscriptOutOfBoundsError/error/condition>
     Error in `from_taxsim_cols()[[col]]`: subscript out of bounds
     Backtrace:
     ▆
     1. └─usincometaxes::taxsim_calculate_taxes(...) at test-calculate_taxes.R:98:2
     2. └─usincometaxes:::clean_from_taxsim(from_taxsim)
    
     [ FAIL 1 | WARN 48 | SKIP 0 | PASS 9 ]
     Error: Test failures
     Execution halted
Flavors: r-devel-linux-x86_64-fedora-clang, r-devel-linux-x86_64-fedora-gcc

Version: 0.5.2
Check: tests
Result: ERROR
     Running 'testthat.R' [6s]
    Running the tests in 'tests/testthat.R' failed.
    Complete output:
     > library(testthat)
     > library(usincometaxes)
     >
     > test_check("usincometaxes")
     [ FAIL 1 | WARN 0 | SKIP 0 | PASS 9 ]
    
     ══ Failed tests ════════════════════════════════════════════════════════════════
     ── Error (test-calculate_taxes.R:102:3): All interface options return same values ──
     Error in `taxsim_calculate_taxes(taxsim_input, return_all_information = T,
     interface = "http")`: The input and output data sets should have the exact same numbers for `taxsimid` and they do not.
     This could mean that your input data was not in the proper format, producing problems in the output.
     Please check your input data.
     See the following link for formatting information: https://www.shaneorr.io/r/usincometaxes/articles/taxsim-input.html
     Backtrace:
     ▆
     1. └─usincometaxes::taxsim_calculate_taxes(...) at test-calculate_taxes.R:102:2
    
     [ FAIL 1 | WARN 0 | SKIP 0 | PASS 9 ]
     Error: Test failures
     Execution halted
Flavor: r-devel-windows-x86_64

Version: 0.5.2
Check: tests
Result: ERROR
     Running ‘testthat.R’ [4s/7s]
    Running the tests in ‘tests/testthat.R’ failed.
    Complete output:
     > library(testthat)
     > library(usincometaxes)
     >
     > test_check("usincometaxes")
     [ FAIL 1 | WARN 0 | SKIP 0 | PASS 9 ]
    
     ══ Failed tests ════════════════════════════════════════════════════════════════
     ── Error (test-calculate_taxes.R:102:3): All interface options return same values ──
     Error in `taxsim_calculate_taxes(taxsim_input, return_all_information = T,
     interface = "http")`: The input and output data sets should have the exact same numbers for `taxsimid` and they do not.
     This could mean that your input data was not in the proper format, producing problems in the output.
     Please check your input data.
     See the following link for formatting information: https://www.shaneorr.io/r/usincometaxes/articles/taxsim-input.html
     Backtrace:
     ▆
     1. └─usincometaxes::taxsim_calculate_taxes(...) at test-calculate_taxes.R:102:2
    
     [ FAIL 1 | WARN 0 | SKIP 0 | PASS 9 ]
     Error: Test failures
     Execution halted
Flavor: r-release-linux-x86_64

Version: 0.5.2
Check: tests
Result: ERROR
     Running 'testthat.R' [4s]
    Running the tests in 'tests/testthat.R' failed.
    Complete output:
     > library(testthat)
     > library(usincometaxes)
     >
     > test_check("usincometaxes")
     [ FAIL 1 | WARN 0 | SKIP 0 | PASS 9 ]
    
     == Failed tests ================================================================
     -- Error (test-calculate_taxes.R:98:3): All interface options return same values --
     Error: There was a problem in calculating the taxes using 'ssh'.
     Please try a different `interface` option.
     Alternatively, you can try manually uploading the data to TAXSIM as an avenue of troubleshooting.
     See the following address for more information: https://www.shaneorr.io/r/usincometaxes/articles/send-data-to-taxsim.html
     Backtrace:
     x
     1. \-usincometaxes::taxsim_calculate_taxes(...) at test-calculate_taxes.R:98:2
     2. \-base::tryCatch(...)
     3. \-base (local) tryCatchList(expr, classes, parentenv, handlers)
     4. \-base (local) tryCatchOne(expr, names, parentenv, handlers[[1L]])
     5. \-value[[3L]](cond)
    
     [ FAIL 1 | WARN 0 | SKIP 0 | PASS 9 ]
     Error: Test failures
     Execution halted
Flavor: r-oldrel-windows-ix86+x86_64