CRAN Package Check Results for Package usdarnass

Last updated on 2022-07-04 05:50:20 CEST.

Flavor Version Tinstall Tcheck Ttotal Status Flags
r-devel-linux-x86_64-debian-clang 0.1.0 2.24 26.86 29.10 NOTE
r-devel-linux-x86_64-debian-gcc 0.1.0 1.85 21.52 23.37 NOTE
r-devel-linux-x86_64-fedora-clang 0.1.0 46.37 NOTE
r-devel-linux-x86_64-fedora-gcc 0.1.0 45.34 NOTE
r-devel-windows-x86_64 0.1.0 12.00 60.00 72.00 NOTE
r-patched-linux-x86_64 0.1.0 1.73 26.64 28.37 NOTE
r-release-linux-x86_64 0.1.0 2.32 26.63 28.95 NOTE
r-release-macos-arm64 0.1.0 17.00 NOTE
r-release-macos-x86_64 0.1.0 27.00 NOTE
r-release-windows-x86_64 0.1.0 15.00 58.00 73.00 NOTE
r-oldrel-macos-arm64 0.1.0 19.00 NOTE
r-oldrel-macos-x86_64 0.1.0 30.00 NOTE
r-oldrel-windows-ix86+x86_64 0.1.0 7.00 51.00 58.00 NOTE

Check Details

Version: 0.1.0
Check: LazyData
Result: NOTE
     'LazyData' is specified without a 'data' directory
Flavors: r-devel-linux-x86_64-debian-clang, r-devel-linux-x86_64-debian-gcc, r-devel-linux-x86_64-fedora-clang, r-devel-linux-x86_64-fedora-gcc, r-devel-windows-x86_64, r-patched-linux-x86_64, r-release-linux-x86_64, r-release-macos-arm64, r-release-macos-x86_64, r-release-windows-x86_64, r-oldrel-macos-arm64, r-oldrel-macos-x86_64, r-oldrel-windows-ix86+x86_64