CRAN Package Check Results for Package urltools

Last updated on 2021-09-18 05:02:50 CEST.

Flavor Version Tinstall Tcheck Ttotal Status Flags
r-devel-linux-x86_64-debian-clang 1.7.3 81.04 35.68 116.72 OK
r-devel-linux-x86_64-debian-gcc 1.7.3 49.11 27.86 76.97 OK
r-devel-linux-x86_64-fedora-clang 1.7.3 167.79 NOTE
r-devel-linux-x86_64-fedora-gcc 1.7.3 140.80 NOTE
r-devel-windows-x86_64 1.7.3 66.00 72.00 138.00 OK
r-devel-windows-x86_64-gcc10-UCRT 1.7.3 NOTE
r-patched-linux-x86_64 1.7.3 58.96 33.69 92.65 OK
r-patched-solaris-x86 1.7.3 152.40 NOTE
r-release-linux-x86_64 1.7.3 60.70 33.96 94.66 OK
r-release-macos-arm64 1.7.3 NOTE
r-release-macos-x86_64 1.7.3 NOTE
r-release-windows-ix86+x86_64 1.7.3 171.00 71.00 242.00 OK
r-oldrel-macos-x86_64 1.7.3 NOTE
r-oldrel-windows-ix86+x86_64 1.7.3 174.00 78.00 252.00 OK

Check Details

Version: 1.7.3
Check: Rd cross-references
Result: NOTE
    Undeclared package ‘httr’ in Rd xrefs
Flavor: r-devel-linux-x86_64-fedora-clang

Version: 1.7.3
Check: data for non-ASCII characters
Result: NOTE
     Note: found 488 marked UTF-8 strings
Flavors: r-devel-linux-x86_64-fedora-clang, r-devel-linux-x86_64-fedora-gcc, r-devel-windows-x86_64-gcc10-UCRT, r-patched-solaris-x86, r-release-macos-arm64, r-release-macos-x86_64, r-oldrel-macos-x86_64