CRAN Package Check Results for Package upstartr

Last updated on 2021-07-23 07:50:06 CEST.

Flavor Version Tinstall Tcheck Ttotal Status Flags
r-devel-linux-x86_64-debian-clang 0.1.1 10.17 89.20 99.37 NOTE
r-devel-linux-x86_64-debian-gcc 0.1.1 7.58 66.62 74.20 NOTE
r-devel-linux-x86_64-fedora-clang 0.1.1 129.90 NOTE
r-devel-linux-x86_64-fedora-gcc 0.1.1 112.32 NOTE
r-devel-windows-x86_64 0.1.1 12.00 78.00 90.00 NOTE
r-devel-windows-x86_64-gcc10-UCRT 0.1.1 NOTE
r-patched-linux-x86_64 0.1.1 9.04 83.53 92.57 NOTE
r-patched-solaris-x86 0.1.1 179.00 NOTE
r-release-linux-x86_64 0.1.1 9.32 82.53 91.85 NOTE
r-release-macos-arm64 0.1.1 NOTE
r-release-macos-x86_64 0.1.1 NOTE
r-release-windows-ix86+x86_64 0.1.1 24.00 90.00 114.00 NOTE
r-oldrel-macos-x86_64 0.1.1 OK
r-oldrel-windows-ix86+x86_64 0.1.1 25.00 108.00 133.00 OK

Check Details

Version: 0.1.1
Check: LazyData
Result: NOTE
     'LazyData' is specified without a 'data' directory
Flavors: r-devel-linux-x86_64-debian-clang, r-devel-linux-x86_64-debian-gcc, r-devel-linux-x86_64-fedora-clang, r-devel-linux-x86_64-fedora-gcc, r-devel-windows-x86_64, r-devel-windows-x86_64-gcc10-UCRT, r-patched-linux-x86_64, r-patched-solaris-x86, r-release-linux-x86_64, r-release-macos-arm64, r-release-macos-x86_64, r-release-windows-ix86+x86_64