CRAN Package Check Results for Package unsystation

Last updated on 2022-01-23 00:57:29 CET.

Flavor Version Tinstall Tcheck Ttotal Status Flags
r-devel-linux-x86_64-debian-clang 0.2.0 31.40 35.45 66.85 NOTE
r-devel-linux-x86_64-debian-gcc 0.2.0 22.92 27.19 50.11 NOTE
r-devel-linux-x86_64-fedora-clang 0.2.0 92.54 NOTE
r-devel-linux-x86_64-fedora-gcc 0.2.0 79.13 NOTE
r-devel-windows-x86_64-new-UL 0.2.0 45.00 81.00 126.00 NOTE
r-devel-windows-x86_64-new-TK 0.2.0 NOTE
r-patched-linux-x86_64 0.2.0 30.06 33.63 63.69 NOTE
r-release-linux-x86_64 0.2.0 24.99 34.01 59.00 NOTE
r-release-macos-arm64 0.2.0 NOTE
r-release-macos-x86_64 0.2.0 NOTE
r-release-windows-ix86+x86_64 0.2.0 78.00 68.00 146.00 NOTE
r-oldrel-macos-x86_64 0.2.0 OK
r-oldrel-windows-ix86+x86_64 0.2.0 79.00 69.00 148.00 OK

Check Details

Version: 0.2.0
Check: LazyData
Result: NOTE
     'LazyData' is specified without a 'data' directory
Flavors: r-devel-linux-x86_64-debian-clang, r-devel-linux-x86_64-debian-gcc, r-devel-linux-x86_64-fedora-clang, r-devel-linux-x86_64-fedora-gcc, r-devel-windows-x86_64-new-UL, r-devel-windows-x86_64-new-TK, r-patched-linux-x86_64, r-release-linux-x86_64, r-release-macos-arm64, r-release-macos-x86_64, r-release-windows-ix86+x86_64