Last updated on 2023-03-29 04:51:34 CEST.
Flavor | Version | Tinstall | Tcheck | Ttotal | Status | Flags |
---|---|---|---|---|---|---|
r-devel-linux-x86_64-debian-clang | 1.1.0 | 3.22 | 26.67 | 29.89 | OK | |
r-devel-linux-x86_64-debian-gcc | 1.1.0 | 1.56 | 20.20 | 21.76 | OK | |
r-devel-linux-x86_64-fedora-clang | 1.1.0 | 36.98 | NOTE | |||
r-devel-linux-x86_64-fedora-gcc | 1.1.0 | 35.12 | OK | |||
r-patched-linux-x86_64 | 1.1.0 | 2.57 | 25.58 | 28.15 | OK | |
r-release-linux-x86_64 | 1.1.0 | 3.12 | 26.80 | 29.92 | OK | |
r-release-macos-arm64 | 1.1.0 | 17.00 | OK | |||
r-release-macos-x86_64 | 1.1.0 | 21.00 | OK | |||
r-release-windows-x86_64 | 1.1.0 | 9.00 | 53.00 | 62.00 | OK | |
r-oldrel-macos-arm64 | 1.1.0 | 20.00 | OK | |||
r-oldrel-macos-x86_64 | 1.1.0 | 22.00 | OK | |||
r-oldrel-windows-ix86+x86_64 | 1.1.0 | 7.00 | 51.00 | 58.00 | OK |
Version: 1.1.0
Check: Rd cross-references
Result: NOTE
Undeclared package ‘mirt’ in Rd xrefs
Flavor: r-devel-linux-x86_64-fedora-clang