CRAN Package Check Results for Package unbalanced

Last updated on 2021-10-24 16:54:21 CEST.

Flavor Version Tinstall Tcheck Ttotal Status Flags
r-devel-linux-x86_64-debian-clang 2.0 10.52 145.53 156.05 NOTE
r-devel-linux-x86_64-debian-gcc 2.0 8.01 112.33 120.34 NOTE
r-devel-linux-x86_64-fedora-clang 2.0 195.97 NOTE
r-devel-linux-x86_64-fedora-gcc 2.0 183.12 NOTE
r-devel-windows-x86_64 2.0 17.00 156.00 173.00 NOTE
r-devel-windows-x86_64-gcc10-UCRT 2.0 NOTE
r-patched-linux-x86_64 2.0 10.81 137.50 148.31 NOTE
r-patched-solaris-x86 2.0 264.30 NOTE
r-release-linux-x86_64 2.0 10.01 136.62 146.63 NOTE
r-release-macos-arm64 2.0 NOTE
r-release-macos-x86_64 2.0 NOTE
r-release-windows-ix86+x86_64 2.0 17.00 193.00 210.00 NOTE
r-oldrel-macos-x86_64 2.0 NOTE
r-oldrel-windows-ix86+x86_64 2.0 29.00 195.00 224.00 NOTE

Check Details

Version: 2.0
Check: R code for possible problems
Result: NOTE
    ubRacing : predCandidate: no visible global function definition for
     'predict'
    ubRacing : aux2.friedman.edit: no visible global function definition
     for 'pchisq'
    ubRacing : aux2.friedman.edit: no visible global function definition
     for 'qt'
    ubRacing : aux.friedman.edit: no visible global function definition for
     'wilcox.test'
    ubRacing : aux.ttest.edit: no visible global function definition for
     't.test'
    ubRacing : aux.ttest.edit: no visible global function definition for
     'p.adjust'
    ubRacing : idFolds: no visible global function definition for
     'quantile'
    ubRacing: no visible binding for global variable 'sd'
    ubSmoteExs: no visible global function definition for 'runif'
    Undefined global functions or variables:
     p.adjust pchisq predict qt quantile runif sd t.test wilcox.test
    Consider adding
     importFrom("stats", "p.adjust", "pchisq", "predict", "qt", "quantile",
     "runif", "sd", "t.test", "wilcox.test")
    to your NAMESPACE file.
Flavors: r-devel-linux-x86_64-debian-clang, r-devel-linux-x86_64-debian-gcc, r-devel-linux-x86_64-fedora-clang, r-devel-linux-x86_64-fedora-gcc, r-devel-windows-x86_64, r-devel-windows-x86_64-gcc10-UCRT, r-patched-linux-x86_64, r-patched-solaris-x86, r-release-linux-x86_64, r-release-macos-arm64, r-release-macos-x86_64, r-release-windows-ix86+x86_64, r-oldrel-macos-x86_64, r-oldrel-windows-ix86+x86_64