CRAN Package Check Results for Package umap

Last updated on 2021-07-28 19:50:17 CEST.

Flavor Version Tinstall Tcheck Ttotal Status Flags
r-devel-linux-x86_64-debian-clang 0.2.7.0 NOTE
r-devel-linux-x86_64-debian-gcc 0.2.7.0 23.88 81.41 105.29 NOTE
r-devel-linux-x86_64-fedora-clang 0.2.7.0 190.21 NOTE
r-devel-linux-x86_64-fedora-gcc 0.2.7.0 171.81 NOTE
r-devel-windows-x86_64 0.2.7.0 35.00 139.00 174.00 NOTE
r-devel-windows-x86_64-gcc10-UCRT 0.2.7.0 NOTE
r-patched-linux-x86_64 0.2.7.0 23.88 102.93 126.81 NOTE
r-patched-solaris-x86 0.2.7.0 222.70 NOTE
r-release-linux-x86_64 0.2.7.0 27.85 100.90 128.75 NOTE
r-release-macos-arm64 0.2.7.0 NOTE
r-release-macos-x86_64 0.2.7.0 NOTE
r-release-windows-ix86+x86_64 0.2.7.0 80.00 137.00 217.00 NOTE
r-oldrel-macos-x86_64 0.2.7.0 OK
r-oldrel-windows-ix86+x86_64 0.2.7.0 60.00 204.00 264.00 OK

Check Details

Version: 0.2.7.0
Check: LazyData
Result: NOTE
     'LazyData' is specified without a 'data' directory
Flavors: r-devel-linux-x86_64-debian-clang, r-devel-linux-x86_64-debian-gcc, r-devel-linux-x86_64-fedora-clang, r-devel-linux-x86_64-fedora-gcc, r-devel-windows-x86_64, r-devel-windows-x86_64-gcc10-UCRT, r-patched-linux-x86_64, r-patched-solaris-x86, r-release-linux-x86_64, r-release-macos-arm64, r-release-macos-x86_64, r-release-windows-ix86+x86_64