CRAN Package Check Results for Package ukpolice

Last updated on 2021-09-23 04:56:51 CEST.

Flavor Version Tinstall Tcheck Ttotal Status Flags
r-devel-linux-x86_64-debian-clang 0.2.2 4.08 39.79 43.87 NOTE
r-devel-linux-x86_64-debian-gcc 0.2.2 3.07 30.26 33.33 NOTE
r-devel-linux-x86_64-fedora-clang 0.2.2 61.43 NOTE
r-devel-linux-x86_64-fedora-gcc 0.2.2 48.97 NOTE
r-devel-windows-x86_64 0.2.2 5.00 45.00 50.00 NOTE
r-devel-windows-x86_64-gcc10-UCRT 0.2.2 ERROR
r-patched-linux-x86_64 0.2.2 3.72 36.84 40.56 NOTE
r-patched-solaris-x86 0.2.2 78.00 NOTE
r-release-linux-x86_64 0.2.2 3.88 37.30 41.18 NOTE
r-release-macos-arm64 0.2.2 NOTE
r-release-macos-x86_64 0.2.2 NOTE
r-release-windows-ix86+x86_64 0.2.2 8.00 43.00 51.00 NOTE
r-oldrel-macos-x86_64 0.2.2 OK
r-oldrel-windows-ix86+x86_64 0.2.2 8.00 42.00 50.00 OK

Check Details

Version: 0.2.2
Check: LazyData
Result: NOTE
     'LazyData' is specified without a 'data' directory
Flavors: r-devel-linux-x86_64-debian-clang, r-devel-linux-x86_64-debian-gcc, r-devel-linux-x86_64-fedora-clang, r-devel-linux-x86_64-fedora-gcc, r-devel-windows-x86_64, r-devel-windows-x86_64-gcc10-UCRT, r-patched-linux-x86_64, r-patched-solaris-x86, r-release-linux-x86_64, r-release-macos-arm64, r-release-macos-x86_64, r-release-windows-ix86+x86_64

Version: 0.2.2
Check: package dependencies
Result: NOTE
    Packages suggested but not available for checking: 'leaflet', 'sf'
Flavor: r-devel-windows-x86_64-gcc10-UCRT

Version: 0.2.2
Check: Rd cross-references
Result: NOTE
    Package unavailable to check Rd xrefs: 'sf'
Flavor: r-devel-windows-x86_64-gcc10-UCRT

Version: 0.2.2
Check: PDF version of manual
Result: WARN
    LaTeX errors when creating PDF version.
    This typically indicates Rd problems.
Flavor: r-devel-windows-x86_64-gcc10-UCRT

Version: 0.2.2
Check: PDF version of manual without hyperrefs or index
Result: ERROR
    Re-running with no redirection of stdout/stderr.
Flavor: r-devel-windows-x86_64-gcc10-UCRT