Last updated on 2022-08-11 09:53:32 CEST.
Flavor | Version | Tinstall | Tcheck | Ttotal | Status | Flags |
---|---|---|---|---|---|---|
r-devel-linux-x86_64-debian-clang | 0.1.1 | 10.82 | 85.93 | 96.75 | NOTE | |
r-devel-linux-x86_64-debian-gcc | 0.1.1 | 8.46 | 64.36 | 72.82 | NOTE | |
r-devel-linux-x86_64-fedora-clang | 0.1.1 | 125.74 | NOTE | |||
r-devel-linux-x86_64-fedora-gcc | 0.1.1 | 132.33 | NOTE | |||
r-devel-windows-x86_64 | 0.1.1 | 15.00 | 105.00 | 120.00 | NOTE | |
r-patched-linux-x86_64 | 0.1.1 | 9.87 | 80.46 | 90.33 | NOTE | |
r-release-linux-x86_64 | 0.1.1 | NOTE | ||||
r-release-macos-arm64 | 0.1.1 | 33.00 | NOTE | |||
r-release-macos-x86_64 | 0.1.1 | 46.00 | NOTE | |||
r-release-windows-x86_64 | 0.1.1 | 27.00 | 103.00 | 130.00 | NOTE | |
r-oldrel-macos-arm64 | 0.1.1 | 39.00 | NOTE | |||
r-oldrel-macos-x86_64 | 0.1.1 | 72.00 | NOTE | |||
r-oldrel-windows-ix86+x86_64 | 0.1.1 | 20.00 | 101.00 | 121.00 | NOTE |
Version: 0.1.1
Check: LazyData
Result: NOTE
'LazyData' is specified without a 'data' directory
Flavors: r-devel-linux-x86_64-debian-clang, r-devel-linux-x86_64-debian-gcc, r-devel-linux-x86_64-fedora-clang, r-devel-linux-x86_64-fedora-gcc, r-devel-windows-x86_64, r-patched-linux-x86_64, r-release-linux-x86_64, r-release-macos-arm64, r-release-macos-x86_64, r-release-windows-x86_64, r-oldrel-macos-arm64, r-oldrel-macos-x86_64, r-oldrel-windows-ix86+x86_64