CRAN Package Check Results for Package uHMM

Last updated on 2021-09-21 16:51:57 CEST.

Flavor Version Tinstall Tcheck Ttotal Status Flags
r-devel-linux-x86_64-debian-clang 1.0 13.53 82.91 96.44 OK
r-devel-linux-x86_64-debian-gcc 1.0 10.98 61.14 72.12 OK
r-devel-linux-x86_64-fedora-clang 1.0 126.47 OK
r-devel-linux-x86_64-fedora-gcc 1.0 112.66 OK
r-devel-windows-x86_64 1.0 14.00 72.00 86.00 OK
r-devel-windows-x86_64-gcc10-UCRT 1.0 ERROR
r-patched-linux-x86_64 1.0 11.61 77.55 89.16 OK
r-patched-solaris-x86 1.0 164.70 OK
r-release-linux-x86_64 1.0 13.45 77.59 91.04 OK
r-release-macos-arm64 1.0 OK
r-release-macos-x86_64 1.0 OK
r-release-windows-ix86+x86_64 1.0 25.00 74.00 99.00 OK
r-oldrel-macos-x86_64 1.0 OK
r-oldrel-windows-ix86+x86_64 1.0 26.00 71.00 97.00 OK

Check Details

Version: 1.0
Check: whether package can be installed
Result: WARN
    Found the following significant warnings:
     WARNING: installation-time patches will not be applied, could not get the patches index
Flavor: r-devel-windows-x86_64-gcc10-UCRT

Version: 1.0
Check: PDF version of manual
Result: WARN
    LaTeX errors when creating PDF version.
    This typically indicates Rd problems.
Flavor: r-devel-windows-x86_64-gcc10-UCRT

Version: 1.0
Check: PDF version of manual without hyperrefs or index
Result: ERROR
    Re-running with no redirection of stdout/stderr.
Flavor: r-devel-windows-x86_64-gcc10-UCRT