CRAN Package Check Results for Package twn

Last updated on 2021-07-26 19:49:42 CEST.

Flavor Version Tinstall Tcheck Ttotal Status Flags
r-devel-linux-x86_64-debian-clang 0.2.0 9.52 51.76 61.28 OK
r-devel-linux-x86_64-debian-gcc 0.2.0 8.84 39.73 48.57 OK
r-devel-linux-x86_64-fedora-clang 0.2.0 83.46 NOTE
r-devel-linux-x86_64-fedora-gcc 0.2.0 71.55 NOTE
r-devel-windows-x86_64 0.2.0 16.00 69.00 85.00 OK
r-devel-windows-x86_64-gcc10-UCRT 0.2.0 NOTE
r-patched-linux-x86_64 0.2.0 9.36 48.51 57.87 OK
r-patched-solaris-x86 0.2.0 113.60 NOTE
r-release-linux-x86_64 0.2.0 9.39 49.10 58.49 OK
r-release-macos-arm64 0.2.0 NOTE
r-release-macos-x86_64 0.2.0 NOTE
r-release-windows-ix86+x86_64 0.2.0 20.00 64.00 84.00 OK
r-oldrel-macos-x86_64 0.2.0 NOTE
r-oldrel-windows-ix86+x86_64 0.2.0 17.00 71.00 88.00 OK

Check Details

Version: 0.2.0
Check: data for non-ASCII characters
Result: NOTE
     Note: found 9 marked UTF-8 strings
Flavors: r-devel-linux-x86_64-fedora-clang, r-devel-linux-x86_64-fedora-gcc, r-devel-windows-x86_64-gcc10-UCRT, r-patched-solaris-x86, r-release-macos-arm64, r-release-macos-x86_64, r-oldrel-macos-x86_64