Last updated on 2022-08-08 09:50:54 CEST.
Flavor | Version | Tinstall | Tcheck | Ttotal | Status | Flags |
---|---|---|---|---|---|---|
r-devel-linux-x86_64-debian-clang | 2.3.3 | 11.14 | 39.22 | 50.36 | NOTE | |
r-devel-linux-x86_64-debian-gcc | 2.3.3 | 6.98 | 29.92 | 36.90 | NOTE | |
r-devel-linux-x86_64-fedora-clang | 2.3.3 | 69.50 | NOTE | |||
r-devel-linux-x86_64-fedora-gcc | 2.3.3 | 73.05 | NOTE | |||
r-devel-windows-x86_64 | 2.3.3 | 22.00 | 60.00 | 82.00 | NOTE | |
r-patched-linux-x86_64 | 2.3.3 | 9.06 | 37.49 | 46.55 | OK | |
r-release-linux-x86_64 | 2.3.3 | OK | ||||
r-release-macos-arm64 | 2.3.3 | 23.00 | OK | |||
r-release-macos-x86_64 | 2.3.3 | 32.00 | OK | |||
r-release-windows-x86_64 | 2.3.3 | 18.00 | 59.00 | 77.00 | OK | |
r-oldrel-macos-arm64 | 2.3.3 | 27.00 | OK | |||
r-oldrel-macos-x86_64 | 2.3.3 | 42.00 | OK | |||
r-oldrel-windows-ix86+x86_64 | 2.3.3 | 22.00 | 62.00 | 84.00 | OK |
Version: 2.3.3
Check: package subdirectories
Result: NOTE
Problems with news in 'NEWS.md':
No news entries found.
Flavors: r-devel-linux-x86_64-debian-clang, r-devel-linux-x86_64-debian-gcc, r-devel-linux-x86_64-fedora-clang, r-devel-linux-x86_64-fedora-gcc, r-devel-windows-x86_64