CRAN Package Check Results for Package tvthemes

Last updated on 2021-07-24 07:49:43 CEST.

Flavor Version Tinstall Tcheck Ttotal Status Flags
r-devel-linux-x86_64-debian-clang 1.1.1 6.89 93.09 99.98 NOTE
r-devel-linux-x86_64-debian-gcc 1.1.1 5.00 67.90 72.90 NOTE
r-devel-linux-x86_64-fedora-clang 1.1.1 125.97 NOTE
r-devel-linux-x86_64-fedora-gcc 1.1.1 119.07 NOTE
r-devel-windows-x86_64 1.1.1 10.00 89.00 99.00 NOTE
r-devel-windows-x86_64-gcc10-UCRT 1.1.1 NOTE
r-patched-linux-x86_64 1.1.1 7.16 85.04 92.20 NOTE
r-patched-solaris-x86 1.1.1 162.80 NOTE
r-release-linux-x86_64 1.1.1 5.72 84.54 90.26 NOTE
r-release-macos-arm64 1.1.1 NOTE
r-release-macos-x86_64 1.1.1 NOTE
r-release-windows-ix86+x86_64 1.1.1 16.00 106.00 122.00 NOTE
r-oldrel-macos-x86_64 1.1.1 OK
r-oldrel-windows-ix86+x86_64 1.1.1 18.00 118.00 136.00 OK

Check Details

Version: 1.1.1
Check: LazyData
Result: NOTE
     'LazyData' is specified without a 'data' directory
Flavors: r-devel-linux-x86_64-debian-clang, r-devel-linux-x86_64-debian-gcc, r-devel-linux-x86_64-fedora-clang, r-devel-linux-x86_64-fedora-gcc, r-devel-windows-x86_64, r-devel-windows-x86_64-gcc10-UCRT, r-patched-linux-x86_64, r-patched-solaris-x86, r-release-linux-x86_64, r-release-macos-arm64, r-release-macos-x86_64, r-release-windows-ix86+x86_64

Version: 1.1.1
Check: installed package size
Result: NOTE
     installed size is 5.3Mb
     sub-directories of 1Mb or more:
     doc 1.5Mb
     fonts 2.9Mb
Flavor: r-patched-solaris-x86