CRAN Package Check Results for Package tuneRanger

Last updated on 2021-07-29 19:52:45 CEST.

Flavor Version Tinstall Tcheck Ttotal Status Flags
r-devel-linux-x86_64-debian-clang 0.5 NOTE
r-devel-linux-x86_64-debian-gcc 0.5 10.95 107.81 118.76 NOTE
r-devel-linux-x86_64-fedora-clang 0.5 195.89 NOTE
r-devel-linux-x86_64-fedora-gcc 0.5 184.75 NOTE
r-devel-windows-x86_64 0.5 19.00 164.00 183.00 NOTE
r-devel-windows-x86_64-gcc10-UCRT 0.5 NOTE
r-patched-linux-x86_64 0.5 13.56 136.97 150.53 NOTE
r-patched-solaris-x86 0.5 292.90 NOTE
r-release-linux-x86_64 0.5 12.15 136.88 149.03 NOTE
r-release-macos-arm64 0.5 NOTE
r-release-macos-x86_64 0.5 NOTE
r-release-windows-ix86+x86_64 0.5 32.00 124.00 156.00 NOTE
r-oldrel-macos-x86_64 0.5 OK
r-oldrel-windows-ix86+x86_64 0.5 41.00 169.00 210.00 OK

Check Details

Version: 0.5
Check: LazyData
Result: NOTE
     'LazyData' is specified without a 'data' directory
Flavors: r-devel-linux-x86_64-debian-clang, r-devel-linux-x86_64-debian-gcc, r-devel-linux-x86_64-fedora-clang, r-devel-linux-x86_64-fedora-gcc, r-devel-windows-x86_64, r-devel-windows-x86_64-gcc10-UCRT, r-patched-linux-x86_64, r-patched-solaris-x86, r-release-linux-x86_64, r-release-macos-arm64, r-release-macos-x86_64, r-release-windows-ix86+x86_64

Version: 0.5
Check: Rd cross-references
Result: NOTE
    Undeclared package ‘randomForest’ in Rd xrefs
Flavor: r-devel-linux-x86_64-fedora-clang