CRAN Package Check Results for Package tuber

Last updated on 2021-09-21 04:55:42 CEST.

Flavor Version Tinstall Tcheck Ttotal Status Flags
r-devel-linux-x86_64-debian-clang 0.9.9 6.49 60.44 66.93 NOTE
r-devel-linux-x86_64-debian-gcc 0.9.9 5.09 44.97 50.06 NOTE
r-devel-linux-x86_64-fedora-clang 0.9.9 85.94 NOTE
r-devel-linux-x86_64-fedora-gcc 0.9.9 73.91 NOTE
r-devel-windows-x86_64 0.9.9 8.00 65.00 73.00 NOTE
r-devel-windows-x86_64-gcc10-UCRT 0.9.9 ERROR
r-patched-linux-x86_64 0.9.9 11.01 55.49 66.50 NOTE
r-patched-solaris-x86 0.9.9 102.20 NOTE
r-release-linux-x86_64 0.9.9 5.49 54.61 60.10 NOTE
r-release-macos-arm64 0.9.9 NOTE
r-release-macos-x86_64 0.9.9 NOTE
r-release-windows-ix86+x86_64 0.9.9 15.00 59.00 74.00 NOTE
r-oldrel-macos-x86_64 0.9.9 OK
r-oldrel-windows-ix86+x86_64 0.9.9 14.00 64.00 78.00 OK

Check Details

Version: 0.9.9
Check: LazyData
Result: NOTE
     'LazyData' is specified without a 'data' directory
Flavors: r-devel-linux-x86_64-debian-clang, r-devel-linux-x86_64-debian-gcc, r-devel-linux-x86_64-fedora-clang, r-devel-linux-x86_64-fedora-gcc, r-devel-windows-x86_64, r-devel-windows-x86_64-gcc10-UCRT, r-patched-linux-x86_64, r-patched-solaris-x86, r-release-linux-x86_64, r-release-macos-arm64, r-release-macos-x86_64, r-release-windows-ix86+x86_64

Version: 0.9.9
Check: whether package can be installed
Result: WARN
    Found the following significant warnings:
     WARNING: installation-time patches will not be applied, could not get the patches index
Flavor: r-devel-windows-x86_64-gcc10-UCRT

Version: 0.9.9
Check: PDF version of manual
Result: WARN
    LaTeX errors when creating PDF version.
    This typically indicates Rd problems.
Flavor: r-devel-windows-x86_64-gcc10-UCRT

Version: 0.9.9
Check: PDF version of manual without hyperrefs or index
Result: ERROR
    Re-running with no redirection of stdout/stderr.
Flavor: r-devel-windows-x86_64-gcc10-UCRT