CRAN Package Check Results for Package tsutils

Last updated on 2021-12-06 11:52:12 CET.

Flavor Version Tinstall Tcheck Ttotal Status Flags
r-devel-linux-x86_64-debian-clang 0.9.2 10.93 98.23 109.16 OK
r-devel-linux-x86_64-debian-gcc 0.9.2 11.12 75.10 86.22 OK
r-devel-linux-x86_64-fedora-clang 0.9.2 141.98 NOTE
r-devel-linux-x86_64-fedora-gcc 0.9.2 119.41 OK
r-devel-windows-x86_64-new-UL 0.9.2 24.00 126.00 150.00 OK
r-devel-windows-x86_64-new-TK 0.9.2 OK
r-devel-windows-x86_64-old 0.9.2 20.00 84.00 104.00 OK
r-patched-linux-x86_64 0.9.2 11.07 84.09 95.16 OK
r-release-linux-x86_64 0.9.2 8.83 91.54 100.37 OK
r-release-macos-arm64 0.9.2 OK
r-release-macos-x86_64 0.9.2 OK
r-release-windows-ix86+x86_64 0.9.2 26.00 107.00 133.00 OK
r-oldrel-macos-x86_64 0.9.2 OK
r-oldrel-windows-ix86+x86_64 0.9.2 26.00 112.00 138.00 OK

Check Details

Version: 0.9.2
Check: Rd cross-references
Result: NOTE
    Undeclared package ‘glmnet’ in Rd xrefs
Flavor: r-devel-linux-x86_64-fedora-clang