Last updated on 2022-05-28 14:53:55 CEST.
Flavor | Version | Tinstall | Tcheck | Ttotal | Status | Flags |
---|---|---|---|---|---|---|
r-devel-linux-x86_64-debian-clang | 0.9.2 | 13.63 | 109.97 | 123.60 | OK | |
r-devel-linux-x86_64-debian-gcc | 0.9.2 | 11.60 | 82.74 | 94.34 | OK | |
r-devel-linux-x86_64-fedora-clang | 0.9.2 | 144.38 | NOTE | |||
r-devel-linux-x86_64-fedora-gcc | 0.9.2 | 130.75 | OK | |||
r-devel-windows-x86_64 | 0.9.2 | 26.00 | 127.00 | 153.00 | OK | |
r-patched-linux-x86_64 | 0.9.2 | 12.34 | 103.57 | 115.91 | OK | |
r-release-linux-x86_64 | 0.9.2 | 14.19 | 104.29 | 118.48 | OK | |
r-release-macos-arm64 | 0.9.2 | 40.00 | OK | |||
r-release-macos-x86_64 | 0.9.2 | 67.00 | OK | |||
r-release-windows-x86_64 | 0.9.2 | 24.00 | 132.00 | 156.00 | OK | |
r-oldrel-macos-arm64 | 0.9.2 | 55.00 | OK | |||
r-oldrel-macos-x86_64 | 0.9.2 | 103.00 | OK | |||
r-oldrel-windows-ix86+x86_64 | 0.9.2 | 31.00 | 134.00 | 165.00 | OK |
Version: 0.9.2
Check: Rd cross-references
Result: NOTE
Undeclared package ‘glmnet’ in Rd xrefs
Flavor: r-devel-linux-x86_64-fedora-clang