CRAN Package Check Results for Package tsensembler

Last updated on 2021-09-21 04:55:42 CEST.

Flavor Version Tinstall Tcheck Ttotal Status Flags
r-devel-linux-x86_64-debian-clang 0.1.0 20.90 143.36 164.26 OK
r-devel-linux-x86_64-debian-gcc 0.1.0 16.40 104.86 121.26 OK
r-devel-linux-x86_64-fedora-clang 0.1.0 194.16 OK
r-devel-linux-x86_64-fedora-gcc 0.1.0 182.39 OK
r-devel-windows-x86_64 0.1.0 26.00 118.00 144.00 OK
r-devel-windows-x86_64-gcc10-UCRT 0.1.0 ERROR
r-patched-linux-x86_64 0.1.0 19.96 133.59 153.55 OK
r-patched-solaris-x86 0.1.0 378.50 OK
r-release-linux-x86_64 0.1.0 20.01 132.21 152.22 OK
r-release-macos-arm64 0.1.0 OK
r-release-macos-x86_64 0.1.0 OK
r-release-windows-ix86+x86_64 0.1.0 39.00 115.00 154.00 OK
r-oldrel-macos-x86_64 0.1.0 OK
r-oldrel-windows-ix86+x86_64 0.1.0 40.00 122.00 162.00 OK

Check Details

Version: 0.1.0
Check: whether package can be installed
Result: WARN
    Found the following significant warnings:
     WARNING: installation-time patches will not be applied, could not get the patches index
Flavor: r-devel-windows-x86_64-gcc10-UCRT

Version: 0.1.0
Check: PDF version of manual
Result: WARN
    LaTeX errors when creating PDF version.
    This typically indicates Rd problems.
Flavor: r-devel-windows-x86_64-gcc10-UCRT

Version: 0.1.0
Check: PDF version of manual without hyperrefs or index
Result: ERROR
    Re-running with no redirection of stdout/stderr.
Flavor: r-devel-windows-x86_64-gcc10-UCRT