CRAN Package Check Results for Package truncdist

Last updated on 2021-09-21 04:55:42 CEST.

Flavor Version Tinstall Tcheck Ttotal Status Flags
r-devel-linux-x86_64-debian-clang 1.0-2 2.29 26.94 29.23 OK
r-devel-linux-x86_64-debian-gcc 1.0-2 1.97 21.10 23.07 OK
r-devel-linux-x86_64-fedora-clang 1.0-2 43.93 OK
r-devel-linux-x86_64-fedora-gcc 1.0-2 33.11 OK
r-devel-windows-x86_64 1.0-2 4.00 33.00 37.00 OK
r-devel-windows-x86_64-gcc10-UCRT 1.0-2 ERROR
r-patched-linux-x86_64 1.0-2 2.43 25.45 27.88 OK
r-patched-solaris-x86 1.0-2 54.20 OK
r-release-linux-x86_64 1.0-2 2.31 25.65 27.96 OK
r-release-macos-arm64 1.0-2 OK
r-release-macos-x86_64 1.0-2 OK
r-release-windows-ix86+x86_64 1.0-2 6.00 34.00 40.00 OK
r-oldrel-macos-x86_64 1.0-2 OK
r-oldrel-windows-ix86+x86_64 1.0-2 7.00 36.00 43.00 OK

Check Details

Version: 1.0-2
Check: whether package can be installed
Result: WARN
    Found the following significant warnings:
     WARNING: installation-time patches will not be applied, could not get the patches index
Flavor: r-devel-windows-x86_64-gcc10-UCRT

Version: 1.0-2
Check: PDF version of manual
Result: WARN
    LaTeX errors when creating PDF version.
    This typically indicates Rd problems.
Flavor: r-devel-windows-x86_64-gcc10-UCRT

Version: 1.0-2
Check: PDF version of manual without hyperrefs or index
Result: ERROR
    Re-running with no redirection of stdout/stderr.
Flavor: r-devel-windows-x86_64-gcc10-UCRT