CRAN Package Check Results for Package tripack

Last updated on 2021-06-13 21:48:30 CEST.

Flavor Version Tinstall Tcheck Ttotal Status Flags
r-devel-linux-x86_64-debian-clang 1.3-9.1 7.39 35.70 43.09 OK
r-devel-linux-x86_64-debian-gcc 1.3-9.1 5.34 27.81 33.15 OK
r-devel-linux-x86_64-fedora-clang 1.3-9.1 61.00 NOTE
r-devel-linux-x86_64-fedora-gcc 1.3-9.1 51.15 OK
r-devel-windows-x86_64 1.3-9.1 13.00 45.00 58.00 OK
r-devel-windows-x86_64-gcc10-UCRT 1.3-9.1 OK
r-patched-linux-x86_64 1.3-9.1 7.64 35.03 42.67 OK
r-patched-solaris-x86 1.3-9.1 71.80 OK
r-release-linux-x86_64 1.3-9.1 6.91 34.94 41.85 OK
r-release-macos-arm64 1.3-9.1 OK
r-release-macos-x86_64 1.3-9.1 OK
r-release-windows-ix86+x86_64 1.3-9.1 18.00 55.00 73.00 OK
r-oldrel-macos-x86_64 1.3-9.1 OK
r-oldrel-windows-ix86+x86_64 1.3-9.1 18.00 50.00 68.00 OK

Check Details

Version: 1.3-9.1
Check: Rd cross-references
Result: NOTE
    Undeclared package ‘akima’ in Rd xrefs
Flavor: r-devel-linux-x86_64-fedora-clang