CRAN Package Check Results for Package trimmer

Last updated on 2021-09-21 16:51:57 CEST.

Flavor Version Tinstall Tcheck Ttotal Status Flags
r-devel-linux-x86_64-debian-clang 0.8.1 3.76 41.00 44.76 NOTE
r-devel-linux-x86_64-debian-gcc 0.8.1 2.72 31.20 33.92 NOTE
r-devel-linux-x86_64-fedora-clang 0.8.1 60.16 NOTE
r-devel-linux-x86_64-fedora-gcc 0.8.1 49.25 NOTE
r-devel-windows-x86_64 0.8.1 5.00 50.00 55.00 NOTE
r-devel-windows-x86_64-gcc10-UCRT 0.8.1 ERROR
r-patched-linux-x86_64 0.8.1 3.27 37.60 40.87 NOTE
r-patched-solaris-x86 0.8.1 81.00 NOTE
r-release-linux-x86_64 0.8.1 3.45 37.57 41.02 NOTE
r-release-macos-arm64 0.8.1 NOTE
r-release-macos-x86_64 0.8.1 NOTE
r-release-windows-ix86+x86_64 0.8.1 12.00 49.00 61.00 NOTE
r-oldrel-macos-x86_64 0.8.1 OK
r-oldrel-windows-ix86+x86_64 0.8.1 9.00 43.00 52.00 OK

Check Details

Version: 0.8.1
Check: LazyData
Result: NOTE
     'LazyData' is specified without a 'data' directory
Flavors: r-devel-linux-x86_64-debian-clang, r-devel-linux-x86_64-debian-gcc, r-devel-linux-x86_64-fedora-clang, r-devel-linux-x86_64-fedora-gcc, r-devel-windows-x86_64, r-devel-windows-x86_64-gcc10-UCRT, r-patched-linux-x86_64, r-patched-solaris-x86, r-release-linux-x86_64, r-release-macos-arm64, r-release-macos-x86_64, r-release-windows-ix86+x86_64

Version: 0.8.1
Check: whether package can be installed
Result: WARN
    Found the following significant warnings:
     WARNING: installation-time patches will not be applied, could not get the patches index
Flavor: r-devel-windows-x86_64-gcc10-UCRT

Version: 0.8.1
Check: PDF version of manual
Result: WARN
    LaTeX errors when creating PDF version.
    This typically indicates Rd problems.
Flavor: r-devel-windows-x86_64-gcc10-UCRT

Version: 0.8.1
Check: PDF version of manual without hyperrefs or index
Result: ERROR
    Re-running with no redirection of stdout/stderr.
Flavor: r-devel-windows-x86_64-gcc10-UCRT