CRAN Package Check Results for Package triangle

Last updated on 2021-09-25 16:49:44 CEST.

Flavor Version Tinstall Tcheck Ttotal Status Flags
r-devel-linux-x86_64-debian-clang 0.12 3.12 28.06 31.18 NOTE
r-devel-linux-x86_64-debian-gcc 0.12 2.03 22.75 24.78 NOTE
r-devel-linux-x86_64-fedora-clang 0.12 45.33 NOTE
r-devel-linux-x86_64-fedora-gcc 0.12 35.44 NOTE
r-devel-windows-x86_64 0.12 7.00 39.00 46.00 NOTE
r-devel-windows-x86_64-gcc10-UCRT 0.12 NOTE
r-patched-linux-x86_64 0.12 2.36 27.33 29.69 NOTE
r-patched-solaris-x86 0.12 56.30 NOTE
r-release-linux-x86_64 0.12 2.51 27.27 29.78 NOTE
r-release-macos-arm64 0.12 NOTE
r-release-macos-x86_64 0.12 NOTE
r-release-windows-ix86+x86_64 0.12 7.00 37.00 44.00 NOTE
r-oldrel-macos-x86_64 0.12 OK
r-oldrel-windows-ix86+x86_64 0.12 17.00 35.00 52.00 OK

Check Details

Version: 0.12
Check: LazyData
Result: NOTE
     'LazyData' is specified without a 'data' directory
Flavors: r-devel-linux-x86_64-debian-clang, r-devel-linux-x86_64-debian-gcc, r-devel-linux-x86_64-fedora-clang, r-devel-linux-x86_64-fedora-gcc, r-devel-windows-x86_64, r-devel-windows-x86_64-gcc10-UCRT, r-patched-linux-x86_64, r-patched-solaris-x86, r-release-linux-x86_64, r-release-macos-arm64, r-release-macos-x86_64, r-release-windows-ix86+x86_64