CRAN Package Check Results for Package trendeval

Last updated on 2021-10-20 04:55:37 CEST.

Flavor Version Tinstall Tcheck Ttotal Status Flags
r-devel-linux-x86_64-debian-clang 0.0.1 1.94 73.76 75.70 NOTE
r-devel-linux-x86_64-debian-gcc 0.0.1 1.66 50.98 52.64 NOTE
r-devel-linux-x86_64-fedora-clang 0.0.1 96.55 NOTE
r-devel-linux-x86_64-fedora-gcc 0.0.1 87.68 NOTE
r-devel-windows-x86_64 0.0.1 5.00 82.00 87.00 NOTE
r-devel-windows-x86_64-gcc10-UCRT 0.0.1 NOTE
r-patched-linux-x86_64 0.0.1 2.10 71.29 73.39 NOTE
r-patched-solaris-x86 0.0.1 115.30 NOTE
r-release-linux-x86_64 0.0.1 2.08 71.44 73.52 NOTE
r-release-macos-arm64 0.0.1 NOTE
r-release-macos-x86_64 0.0.1 NOTE
r-release-windows-ix86+x86_64 0.0.1 13.00 103.00 116.00 NOTE
r-oldrel-macos-x86_64 0.0.1 OK
r-oldrel-windows-ix86+x86_64 0.0.1 6.00 98.00 104.00 OK

Check Details

Version: 0.0.1
Check: LazyData
Result: NOTE
     'LazyData' is specified without a 'data' directory
Flavors: r-devel-linux-x86_64-debian-clang, r-devel-linux-x86_64-debian-gcc, r-devel-linux-x86_64-fedora-clang, r-devel-linux-x86_64-fedora-gcc, r-devel-windows-x86_64, r-devel-windows-x86_64-gcc10-UCRT, r-patched-linux-x86_64, r-patched-solaris-x86, r-release-linux-x86_64, r-release-macos-arm64, r-release-macos-x86_64, r-release-windows-ix86+x86_64