CRAN Package Check Results for Package transmdl

Last updated on 2022-08-19 21:51:10 CEST.

Flavor Version Tinstall Tcheck Ttotal Status Flags
r-devel-linux-x86_64-debian-clang 0.1.0 48.83 40.47 89.30 OK
r-devel-linux-x86_64-debian-gcc 0.1.0 37.93 31.04 68.97 OK
r-devel-linux-x86_64-fedora-clang 0.1.0 135.05 OK
r-devel-linux-x86_64-fedora-gcc 0.1.0 128.19 OK
r-devel-windows-x86_64 0.1.0 42.00 79.00 121.00 OK
r-patched-linux-x86_64 0.1.0 38.02 38.68 76.70 OK
r-release-linux-x86_64 0.1.0 OK
r-release-macos-arm64 0.1.0 36.00 NOTE
r-release-macos-x86_64 0.1.0 46.00 NOTE
r-release-windows-x86_64 0.1.0 42.00 88.00 130.00 OK
r-oldrel-macos-arm64 0.1.0 37.00 NOTE
r-oldrel-macos-x86_64 0.1.0 44.00 NOTE
r-oldrel-windows-ix86+x86_64 0.1.0 119.00 96.00 215.00 OK

Check Details

Version: 0.1.0
Check: installed package size
Result: NOTE
     installed size is 8.3Mb
     sub-directories of 1Mb or more:
     libs 8.2Mb
Flavors: r-release-macos-arm64, r-release-macos-x86_64, r-oldrel-macos-arm64, r-oldrel-macos-x86_64