CRAN Package Check Results for Package tramME

Last updated on 2021-09-23 04:56:51 CEST.

Flavor Version Tinstall Tcheck Ttotal Status Flags
r-devel-linux-x86_64-debian-clang 0.1.2 124.78 364.05 488.83 OK
r-devel-linux-x86_64-debian-gcc 0.1.2 102.47 292.19 394.66 OK
r-devel-linux-x86_64-fedora-clang 0.1.2 615.69 NOTE
r-devel-linux-x86_64-fedora-gcc 0.1.2 633.07 OK
r-devel-windows-x86_64 0.1.2 94.00 383.00 477.00 NOTE
r-devel-windows-x86_64-gcc10-UCRT 0.1.2 ERROR
r-patched-linux-x86_64 0.1.2 116.60 369.71 486.31 OK
r-patched-solaris-x86 0.1.2 850.90 OK
r-release-linux-x86_64 0.1.2 112.07 370.23 482.30 OK
r-release-macos-arm64 0.1.2 NOTE
r-release-macos-x86_64 0.1.2 NOTE
r-release-windows-ix86+x86_64 0.1.2 230.00 453.00 683.00 NOTE
r-oldrel-macos-x86_64 0.1.2 NOTE
r-oldrel-windows-ix86+x86_64 0.1.2 169.00 450.00 619.00 NOTE

Check Details

Version: 0.1.2
Check: installed package size
Result: NOTE
     installed size is 31.6Mb
     sub-directories of 1Mb or more:
     libs 29.6Mb
Flavors: r-devel-linux-x86_64-fedora-clang, r-devel-windows-x86_64, r-release-macos-arm64, r-release-macos-x86_64, r-release-windows-ix86+x86_64, r-oldrel-macos-x86_64, r-oldrel-windows-ix86+x86_64

Version: 0.1.2
Check: whether package can be installed
Result: ERROR
    Installation failed.
Flavor: r-devel-windows-x86_64-gcc10-UCRT