CRAN Package Check Results for Package tramME

Last updated on 2022-07-06 05:54:15 CEST.

Flavor Version Tinstall Tcheck Ttotal Status Flags
r-devel-linux-x86_64-debian-clang 1.0.1 116.56 260.17 376.73 OK
r-devel-linux-x86_64-debian-gcc 1.0.2 122.61 195.39 318.00 OK
r-devel-linux-x86_64-fedora-clang 1.0.2 528.20 NOTE
r-devel-linux-x86_64-fedora-gcc 1.0.2 534.24 OK
r-devel-windows-x86_64 1.0.2 434.00 251.00 685.00 NOTE
r-patched-linux-x86_64 1.0.1 115.92 255.15 371.07 OK
r-release-linux-x86_64 1.0.1 115.37 258.08 373.45 OK
r-release-macos-arm64 1.0.2 131.00 NOTE
r-release-macos-x86_64 1.0.1 197.00 NOTE
r-release-windows-x86_64 1.0.1 112.00 361.00 473.00 NOTE
r-oldrel-macos-arm64 1.0.2 118.00 NOTE
r-oldrel-macos-x86_64 1.0.1 193.00 NOTE
r-oldrel-windows-ix86+x86_64 1.0.1 250.00 427.00 677.00 NOTE

Check Details

Version: 1.0.2
Check: installed package size
Result: NOTE
     installed size is 32.1Mb
     sub-directories of 1Mb or more:
     doc 2.1Mb
     libs 29.5Mb
Flavors: r-devel-linux-x86_64-fedora-clang, r-devel-windows-x86_64, r-release-macos-arm64, r-oldrel-macos-arm64

Version: 1.0.1
Check: installed package size
Result: NOTE
     installed size is 51.4Mb
     sub-directories of 1Mb or more:
     doc 1.3Mb
     libs 49.5Mb
Flavors: r-release-macos-x86_64, r-release-windows-x86_64, r-oldrel-macos-x86_64, r-oldrel-windows-ix86+x86_64