Last updated on 2022-08-14 21:53:24 CEST.
Flavor | Version | Tinstall | Tcheck | Ttotal | Status | Flags |
---|---|---|---|---|---|---|
r-devel-linux-x86_64-debian-clang | 0.2-3 | 14.28 | 178.82 | 193.10 | NOTE | |
r-devel-linux-x86_64-debian-gcc | 0.2-3 | 10.99 | 132.52 | 143.51 | NOTE | |
r-devel-linux-x86_64-fedora-clang | 0.2-3 | 249.34 | NOTE | |||
r-devel-linux-x86_64-fedora-gcc | 0.2-3 | 250.82 | NOTE | |||
r-devel-windows-x86_64 | 0.2-3 | 122.00 | 242.00 | 364.00 | NOTE | |
r-patched-linux-x86_64 | 0.2-3 | 14.04 | 172.29 | 186.33 | NOTE | |
r-release-linux-x86_64 | 0.2-3 | 10.54 | 170.19 | 180.73 | NOTE | |
r-release-macos-arm64 | 0.2-3 | 71.00 | NOTE | |||
r-release-macos-x86_64 | 0.2-3 | 89.00 | NOTE | |||
r-release-windows-x86_64 | 0.2-3 | 146.00 | 241.00 | 387.00 | NOTE | |
r-oldrel-macos-arm64 | 0.2-3 | 79.00 | NOTE | |||
r-oldrel-macos-x86_64 | 0.2-3 | 139.00 | NOTE | |||
r-oldrel-windows-ix86+x86_64 | 0.2-3 | 24.00 | 225.00 | 249.00 | NOTE |
Version: 0.2-3
Check: package dependencies
Result: NOTE
Package suggested but not available for checking: 'taxidata'
Flavors: r-devel-linux-x86_64-debian-clang, r-devel-linux-x86_64-debian-gcc, r-devel-linux-x86_64-fedora-clang, r-devel-linux-x86_64-fedora-gcc, r-devel-windows-x86_64, r-patched-linux-x86_64, r-release-linux-x86_64, r-release-macos-arm64, r-release-macos-x86_64, r-release-windows-x86_64, r-oldrel-macos-arm64, r-oldrel-macos-x86_64, r-oldrel-windows-ix86+x86_64