CRAN Package Check Results for Package trajectories

Last updated on 2021-09-23 04:56:51 CEST.

Flavor Version Tinstall Tcheck Ttotal Status Flags
r-devel-linux-x86_64-debian-clang 0.2-3 13.58 166.43 180.01 NOTE
r-devel-linux-x86_64-debian-gcc 0.2-3 10.02 126.28 136.30 NOTE
r-devel-linux-x86_64-fedora-clang 0.2-3 219.52 NOTE
r-devel-linux-x86_64-fedora-gcc 0.2-3 220.37 NOTE
r-devel-windows-x86_64 0.2-3 14.00 163.00 177.00 NOTE
r-devel-windows-x86_64-gcc10-UCRT 0.2-3 ERROR
r-patched-linux-x86_64 0.2-3 15.93 163.01 178.94 NOTE
r-patched-solaris-x86 0.2-3 287.30 NOTE
r-release-linux-x86_64 0.2-3 14.03 161.83 175.86 NOTE
r-release-macos-arm64 0.2-3 NOTE
r-release-macos-x86_64 0.2-3 NOTE
r-release-windows-ix86+x86_64 0.2-3 27.00 147.00 174.00 NOTE
r-oldrel-macos-x86_64 0.2-3 NOTE
r-oldrel-windows-ix86+x86_64 0.2-3 17.00 150.00 167.00 NOTE

Check Details

Version: 0.2-3
Check: package dependencies
Result: NOTE
    Package suggested but not available for checking: 'taxidata'
Flavors: r-devel-linux-x86_64-debian-clang, r-devel-linux-x86_64-debian-gcc, r-devel-linux-x86_64-fedora-clang, r-devel-linux-x86_64-fedora-gcc, r-devel-windows-x86_64, r-patched-linux-x86_64, r-patched-solaris-x86, r-release-linux-x86_64, r-release-macos-arm64, r-release-macos-x86_64, r-release-windows-ix86+x86_64, r-oldrel-macos-x86_64, r-oldrel-windows-ix86+x86_64

Version: 0.2-3
Check: package dependencies
Result: NOTE
    Packages suggested but not available for checking:
     'rgdal', 'OpenStreetMap', 'rgl', 'taxidata'
Flavor: r-devel-windows-x86_64-gcc10-UCRT

Version: 0.2-3
Check: tests
Result: ERROR
     Running 'tracks.R'
    Running the tests in 'tests/tracks.R' failed.
    Complete output:
     > Sys.setenv(TZ = "Europe/Berlin")
     > # Load required libraries.
     >
     > library(sp)
     > library(spacetime)
     > library(trajectories)
     > library(rgdal)
     Error in library(rgdal) : there is no package called 'rgdal'
     Execution halted
Flavor: r-devel-windows-x86_64-gcc10-UCRT

Version: 0.2-3
Check: PDF version of manual
Result: WARN
    LaTeX errors when creating PDF version.
    This typically indicates Rd problems.
Flavor: r-devel-windows-x86_64-gcc10-UCRT

Version: 0.2-3
Check: PDF version of manual without hyperrefs or index
Result: ERROR
    Re-running with no redirection of stdout/stderr.
Flavor: r-devel-windows-x86_64-gcc10-UCRT