CRAN Package Check Results for Package totalcensus

Last updated on 2022-01-29 00:48:58 CET.

Flavor Version Tinstall Tcheck Ttotal Status Flags
r-devel-linux-x86_64-debian-clang 0.6.6 15.71 77.10 92.81 OK
r-devel-linux-x86_64-debian-gcc 0.6.6 14.51 57.65 72.16 OK
r-devel-linux-x86_64-fedora-clang 0.6.6 110.76 NOTE
r-devel-linux-x86_64-fedora-gcc 0.6.6 98.05 NOTE
r-devel-windows-x86_64-new-UL 0.6.6 198.00 107.00 305.00 OK
r-devel-windows-x86_64-new-TK 0.6.6 NOTE
r-patched-linux-x86_64 0.6.6 16.92 68.40 85.32 OK
r-release-linux-x86_64 0.6.6 14.03 67.34 81.37 OK
r-release-macos-arm64 0.6.6 NOTE
r-release-macos-x86_64 0.6.6 NOTE
r-release-windows-ix86+x86_64 0.6.6 26.00 82.00 108.00 OK
r-oldrel-macos-x86_64 0.6.6 NOTE
r-oldrel-windows-ix86+x86_64 0.6.6 27.00 82.00 109.00 OK

Check Details

Version: 0.6.6
Check: data for non-ASCII characters
Result: NOTE
     Note: found 100 marked Latin-1 strings
     Note: found 548 marked UTF-8 strings
Flavors: r-devel-linux-x86_64-fedora-clang, r-devel-linux-x86_64-fedora-gcc, r-devel-windows-x86_64-new-TK, r-release-macos-arm64, r-release-macos-x86_64, r-oldrel-macos-x86_64

Version: 0.6.6
Check: installed package size
Result: NOTE
     installed size is 5.2Mb
     sub-directories of 1Mb or more:
     data 4.8Mb
Flavor: r-release-macos-arm64