Last updated on 2022-08-13 09:54:38 CEST.
Flavor | Version | Tinstall | Tcheck | Ttotal | Status | Flags |
---|---|---|---|---|---|---|
r-devel-linux-x86_64-debian-clang | 0.3-2 | 11.43 | 109.84 | 121.27 | NOTE | |
r-devel-linux-x86_64-debian-gcc | 0.3-2 | 7.45 | 80.59 | 88.04 | NOTE | |
r-devel-linux-x86_64-fedora-clang | 0.3-2 | 155.79 | NOTE | |||
r-devel-linux-x86_64-fedora-gcc | 0.3-2 | 151.59 | NOTE | |||
r-devel-windows-x86_64 | 0.3-2 | 35.00 | 154.00 | 189.00 | NOTE | |
r-patched-linux-x86_64 | 0.3-2 | 16.41 | 101.08 | 117.49 | NOTE | |
r-release-linux-x86_64 | 0.3-2 | 8.90 | 102.34 | 111.24 | NOTE | |
r-release-macos-arm64 | 0.3-2 | 77.00 | NOTE | |||
r-release-macos-x86_64 | 0.3-2 | 91.00 | NOTE | |||
r-release-windows-x86_64 | 0.3-2 | 46.00 | 165.00 | 211.00 | NOTE | |
r-oldrel-macos-arm64 | 0.3-2 | 67.00 | NOTE | |||
r-oldrel-macos-x86_64 | 0.3-2 | 87.00 | NOTE | |||
r-oldrel-windows-ix86+x86_64 | 0.3-2 | 20.00 | 167.00 | 187.00 | NOTE |
Version: 0.3-2
Check: package dependencies
Result: NOTE
Package suggested but not available for checking: 'toscaData'
Flavors: r-devel-linux-x86_64-debian-clang, r-devel-linux-x86_64-debian-gcc, r-devel-linux-x86_64-fedora-clang, r-devel-linux-x86_64-fedora-gcc, r-devel-windows-x86_64, r-patched-linux-x86_64, r-release-linux-x86_64, r-release-macos-arm64, r-release-macos-x86_64, r-release-windows-x86_64, r-oldrel-macos-arm64, r-oldrel-macos-x86_64, r-oldrel-windows-ix86+x86_64