CRAN Package Check Results for Package toastui

Last updated on 2022-07-02 05:51:10 CEST.

Flavor Version Tinstall Tcheck Ttotal Status Flags
r-devel-linux-x86_64-debian-clang 0.2.1 5.35 66.72 72.07 OK
r-devel-linux-x86_64-debian-gcc 0.2.1 4.41 52.03 56.44 OK
r-devel-linux-x86_64-fedora-clang 0.2.1 101.39 NOTE
r-devel-linux-x86_64-fedora-gcc 0.2.1 98.61 NOTE
r-devel-windows-x86_64 0.2.1 55.00 119.00 174.00 OK
r-patched-linux-x86_64 0.2.1 6.22 66.53 72.75 OK
r-release-linux-x86_64 0.2.1 7.14 64.64 71.78 OK
r-release-macos-arm64 0.2.1 30.00 NOTE
r-release-macos-x86_64 0.2.1 58.00 NOTE
r-release-windows-x86_64 0.2.1 54.00 113.00 167.00 OK
r-oldrel-macos-arm64 0.2.1 33.00 NOTE
r-oldrel-macos-x86_64 0.2.1 43.00 NOTE
r-oldrel-windows-ix86+x86_64 0.2.1 17.00 100.00 117.00 OK

Check Details

Version: 0.2.1
Check: data for non-ASCII characters
Result: NOTE
     Note: found 1 marked UTF-8 string
Flavors: r-devel-linux-x86_64-fedora-clang, r-devel-linux-x86_64-fedora-gcc, r-release-macos-arm64, r-release-macos-x86_64, r-oldrel-macos-arm64, r-oldrel-macos-x86_64