Last updated on 2023-02-09 03:56:26 CET.
Flavor | Version | Tinstall | Tcheck | Ttotal | Status | Flags |
---|---|---|---|---|---|---|
r-devel-linux-x86_64-debian-clang | 1.5 | 12.62 | 116.37 | 128.99 | OK | |
r-devel-linux-x86_64-debian-gcc | 1.5 | 8.43 | 88.69 | 97.12 | OK | |
r-devel-linux-x86_64-fedora-clang | 1.5 | 159.37 | NOTE | |||
r-devel-linux-x86_64-fedora-gcc | 1.5 | 176.95 | NOTE | |||
r-devel-windows-x86_64 | 1.5 | 24.00 | 176.00 | 200.00 | OK | |
r-patched-linux-x86_64 | 1.5 | 11.80 | 114.24 | 126.04 | OK | |
r-release-linux-x86_64 | 1.5 | 10.62 | 111.57 | 122.19 | OK | |
r-release-macos-arm64 | 1.5 | 48.00 | OK | |||
r-release-macos-x86_64 | 1.5 | 64.00 | OK | |||
r-release-windows-x86_64 | 1.5 | 26.00 | 180.00 | 206.00 | OK | |
r-oldrel-macos-arm64 | 1.5 | 43.00 | OK | |||
r-oldrel-macos-x86_64 | 1.5 | 62.00 | OK | |||
r-oldrel-windows-ix86+x86_64 | 1.5 | 27.00 | 201.00 | 228.00 | OK |
Version: 1.5
Check: compiled code
Result: NOTE
File ‘tmvtnorm/libs/tmvtnorm.so’:
Found no calls to: ‘R_registerRoutines’, ‘R_useDynamicSymbols’
It is good practice to register native routines and to disable symbol
search.
See ‘Writing portable packages’ in the ‘Writing R Extensions’ manual.
Flavors: r-devel-linux-x86_64-fedora-clang, r-devel-linux-x86_64-fedora-gcc