Last updated on 2023-12-07 02:51:31 CET.
Flavor | Version | Tinstall | Tcheck | Ttotal | Status | Flags |
---|---|---|---|---|---|---|
r-devel-linux-x86_64-debian-clang | 1.5 | 11.01 | 116.13 | 127.14 | NOTE | |
r-devel-linux-x86_64-debian-gcc | 1.5 | 8.29 | 88.28 | 96.57 | NOTE | |
r-devel-linux-x86_64-fedora-clang | 1.6 | 137.90 | NOTE | |||
r-devel-linux-x86_64-fedora-gcc | 1.6 | 133.26 | NOTE | |||
r-devel-windows-x86_64 | 1.6 | 15.00 | 122.00 | 137.00 | OK | |
r-patched-linux-x86_64 | 1.5 | 14.14 | 112.96 | 127.10 | OK | |
r-release-linux-x86_64 | 1.5 | 12.22 | 111.21 | 123.43 | OK | |
r-release-macos-arm64 | 1.6 | 62.00 | OK | |||
r-release-macos-x86_64 | 1.6 | 146.00 | OK | |||
r-release-windows-x86_64 | 1.5 | 17.00 | 142.00 | 159.00 | OK | |
r-oldrel-macos-arm64 | 1.6 | 56.00 | OK | |||
r-oldrel-macos-x86_64 | 1.5 | 64.00 | OK | |||
r-oldrel-windows-x86_64 | 1.5 | 16.00 | 143.00 | 159.00 | OK |
Version: 1.5
Check: Rd files
Result: NOTE
checkRd: (-1) qtmvnorm-marginal.Rd:32: Lost braces
32 | with \eqn{P[-x \le X \le x] = p}.}{P[-x <= X <= x] = p}
| ^
Flavors: r-devel-linux-x86_64-debian-clang, r-devel-linux-x86_64-debian-gcc
Version: 1.6
Check: compiled code
Result: NOTE
File ‘tmvtnorm/libs/tmvtnorm.so’:
Found no calls to: ‘R_registerRoutines’, ‘R_useDynamicSymbols’
It is good practice to register native routines and to disable symbol
search.
See ‘Writing portable packages’ in the ‘Writing R Extensions’ manual.
Flavors: r-devel-linux-x86_64-fedora-clang, r-devel-linux-x86_64-fedora-gcc