CRAN Package Check Results for Package tmvtnorm

Last updated on 2021-10-18 04:54:37 CEST.

Flavor Version Tinstall Tcheck Ttotal Status Flags
r-devel-linux-x86_64-debian-clang 1.4-10 9.53 106.36 115.89 OK
r-devel-linux-x86_64-debian-gcc 1.4-10 9.58 81.64 91.22 OK
r-devel-linux-x86_64-fedora-clang 1.4-10 151.37 NOTE
r-devel-linux-x86_64-fedora-gcc 1.4-10 140.30 NOTE
r-devel-windows-x86_64 1.4-10 18.00 120.00 138.00 OK
r-devel-windows-x86_64-gcc10-UCRT 1.4-10 OK
r-patched-linux-x86_64 1.4-10 12.41 101.35 113.76 OK
r-patched-solaris-x86 1.4-10 189.90 OK
r-release-linux-x86_64 1.4-10 10.38 101.74 112.12 OK
r-release-macos-arm64 1.4-10 OK
r-release-macos-x86_64 1.4-10 OK
r-release-windows-ix86+x86_64 1.4-10 22.00 186.00 208.00 OK
r-oldrel-macos-x86_64 1.4-10 OK
r-oldrel-windows-ix86+x86_64 1.4-10 29.00 198.00 227.00 OK

Check Details

Version: 1.4-10
Check: compiled code
Result: NOTE
    File ‘tmvtnorm/libs/tmvtnorm.so’:
     Found no calls to: ‘R_registerRoutines’, ‘R_useDynamicSymbols’
    
    It is good practice to register native routines and to disable symbol
    search.
    
    See ‘Writing portable packages’ in the ‘Writing R Extensions’ manual.
Flavors: r-devel-linux-x86_64-fedora-clang, r-devel-linux-x86_64-fedora-gcc