CRAN Package Check Results for Package tmvmixnorm

Last updated on 2024-07-24 06:57:30 CEST.

Flavor Version Tinstall Tcheck Ttotal Status Flags
r-devel-linux-x86_64-debian-clang 1.1.1 2.67 27.68 30.35 NOTE
r-devel-linux-x86_64-debian-gcc 1.1.1 1.77 21.78 23.55 NOTE
r-devel-linux-x86_64-fedora-clang 1.1.1 38.63 NOTE
r-devel-linux-x86_64-fedora-gcc 1.1.1 38.94 NOTE
r-devel-windows-x86_64 1.1.1 4.00 45.00 49.00 NOTE
r-patched-linux-x86_64 1.1.1 2.99 26.46 29.45 NOTE
r-release-linux-x86_64 1.1.1 2.27 26.81 29.08 NOTE
r-release-macos-arm64 1.1.1 15.00 NOTE
r-release-macos-x86_64 1.1.1 23.00 NOTE
r-release-windows-x86_64 1.1.1 3.00 44.00 47.00 NOTE
r-oldrel-macos-arm64 1.1.1 16.00 NOTE
r-oldrel-macos-x86_64 1.1.1 22.00 NOTE
r-oldrel-windows-x86_64 1.1.1 4.00 46.00 50.00 NOTE

Check Details

Version: 1.1.1
Check: LazyData
Result: NOTE 'LazyData' is specified without a 'data' directory Flavors: r-devel-linux-x86_64-debian-clang, r-devel-linux-x86_64-debian-gcc, r-devel-linux-x86_64-fedora-clang, r-devel-linux-x86_64-fedora-gcc, r-devel-windows-x86_64, r-patched-linux-x86_64, r-release-linux-x86_64, r-release-macos-arm64, r-release-macos-x86_64, r-release-windows-x86_64, r-oldrel-macos-arm64, r-oldrel-macos-x86_64, r-oldrel-windows-x86_64