CRAN Package Check Results for Package tmap

Last updated on 2022-08-15 09:49:44 CEST.

Flavor Version Tinstall Tcheck Ttotal Status Flags
r-devel-linux-x86_64-debian-clang 3.3-3 43.57 480.94 524.51 NOTE
r-devel-linux-x86_64-debian-gcc 3.3-3 42.96 350.89 393.85 OK
r-devel-linux-x86_64-fedora-clang 3.3-3 621.21 OK
r-devel-linux-x86_64-fedora-gcc 3.3-3 647.05 OK
r-devel-windows-x86_64 3.3-3 79.00 457.00 536.00 OK
r-patched-linux-x86_64 3.3-3 37.59 448.69 486.28 NOTE
r-release-linux-x86_64 3.3-3 34.60 449.80 484.40 OK
r-release-macos-arm64 3.3-3 152.00 OK
r-release-macos-x86_64 3.3-3 252.00 OK
r-release-windows-x86_64 3.3-3 70.00 723.00 793.00 OK
r-oldrel-macos-arm64 3.3-3 165.00 OK
r-oldrel-macos-x86_64 3.3-3 204.00 OK
r-oldrel-windows-ix86+x86_64 3.3-3 107.00 495.00 602.00 OK

Check Details

Version: 3.3-3
Check: package dependencies
Result: NOTE
    Package suggested but not available for checking: 'av'
Flavors: r-devel-linux-x86_64-debian-clang, r-patched-linux-x86_64