CRAN Package Check Results for Package tkrplot

Last updated on 2022-08-19 21:51:10 CEST.

Flavor Version Tinstall Tcheck Ttotal Status Flags
r-devel-linux-x86_64-debian-clang 0.0-26 3.39 24.09 27.48 NOTE
r-devel-linux-x86_64-debian-gcc 0.0-26 2.47 19.68 22.15 NOTE
r-devel-linux-x86_64-fedora-clang 0.0-26 46.13 NOTE
r-devel-linux-x86_64-fedora-gcc 0.0-26 47.91 NOTE
r-devel-windows-x86_64 0.0-26 12.00 52.00 64.00 OK
r-patched-linux-x86_64 0.0-26 3.60 24.70 28.30 NOTE
r-release-linux-x86_64 0.0-26 NOTE
r-release-macos-arm64 0.0-26 21.00 OK
r-release-macos-x86_64 0.0-26 29.00 OK
r-release-windows-x86_64 0.0-26 8.00 50.00 58.00 OK
r-oldrel-macos-arm64 0.0-26 32.00 OK
r-oldrel-macos-x86_64 0.0-26 26.00 OK
r-oldrel-windows-ix86+x86_64 0.0-26 11.00 50.00 61.00 OK

Check Details

Version: 0.0-26
Check: R code for possible problems
Result: NOTE
    Found an obsolete/platform-specific call in the following function:
     '.my.tkdev'
    Found the platform-specific device:
     'X11'
    dev.new() is the preferred way to open a new device, in the unlikely
    event one is needed.
Flavors: r-devel-linux-x86_64-debian-clang, r-devel-linux-x86_64-debian-gcc, r-devel-linux-x86_64-fedora-clang, r-devel-linux-x86_64-fedora-gcc, r-patched-linux-x86_64, r-release-linux-x86_64