CRAN Package Check Results for Package tippy

Last updated on 2021-09-18 05:02:49 CEST.

Flavor Version Tinstall Tcheck Ttotal Status Flags
r-devel-linux-x86_64-debian-clang 0.1.0 2.33 26.11 28.44 NOTE
r-devel-linux-x86_64-debian-gcc 0.1.0 1.62 20.34 21.96 NOTE
r-devel-linux-x86_64-fedora-clang 0.1.0 42.11 NOTE
r-devel-linux-x86_64-fedora-gcc 0.1.0 31.92 NOTE
r-devel-windows-x86_64 0.1.0 4.00 42.00 46.00 NOTE
r-devel-windows-x86_64-gcc10-UCRT 0.1.0 NOTE
r-patched-linux-x86_64 0.1.0 2.26 24.96 27.22 NOTE
r-patched-solaris-x86 0.1.0 53.30 NOTE
r-release-linux-x86_64 0.1.0 2.03 25.12 27.15 NOTE
r-release-macos-arm64 0.1.0 NOTE
r-release-macos-x86_64 0.1.0 NOTE
r-release-windows-ix86+x86_64 0.1.0 6.00 32.00 38.00 NOTE
r-oldrel-macos-x86_64 0.1.0 OK
r-oldrel-windows-ix86+x86_64 0.1.0 6.00 34.00 40.00 OK

Check Details

Version: 0.1.0
Check: LazyData
Result: NOTE
     'LazyData' is specified without a 'data' directory
Flavors: r-devel-linux-x86_64-debian-clang, r-devel-linux-x86_64-debian-gcc, r-devel-linux-x86_64-fedora-clang, r-devel-linux-x86_64-fedora-gcc, r-devel-windows-x86_64, r-devel-windows-x86_64-gcc10-UCRT, r-patched-linux-x86_64, r-patched-solaris-x86, r-release-linux-x86_64, r-release-macos-arm64, r-release-macos-x86_64, r-release-windows-ix86+x86_64